CRAN Package Check Results for Package HiDimDA

Last updated on 2020-06-06 03:48:29 CEST.

Flavor Version Tinstall Tcheck Ttotal Status Flags
r-devel-linux-x86_64-debian-clang 0.2-4 11.41 46.72 58.13 OK
r-devel-linux-x86_64-debian-gcc 0.2-4 8.91 35.60 44.51 OK
r-devel-linux-x86_64-fedora-clang 0.2-4 79.29 NOTE
r-devel-linux-x86_64-fedora-gcc 0.2-4 68.65 NOTE
r-devel-windows-ix86+x86_64 0.2-4 31.00 69.00 100.00 OK
r-patched-linux-x86_64 0.2-4 9.83 46.86 56.69 OK
r-patched-solaris-x86 0.2-4 93.70 OK
r-release-linux-x86_64 0.2-4 8.89 47.30 56.19 OK
r-release-osx-x86_64 0.2-4 OK
r-release-windows-ix86+x86_64 0.2-4 21.00 93.00 114.00 OK
r-oldrel-osx-x86_64 0.2-4 OK
r-oldrel-windows-ix86+x86_64 0.2-4 31.00 71.00 102.00 OK

Check Details

Version: 0.2-4
Check: compiled code
Result: NOTE
    File ‘HiDimDA/libs/HiDimDA.so’:
     Found no calls to: ‘R_registerRoutines’, ‘R_useDynamicSymbols’
    
    It is good practice to register native routines and to disable symbol
    search.
    
    See ‘Writing portable packages’ in the ‘Writing R Extensions’ manual.
Flavors: r-devel-linux-x86_64-fedora-clang, r-devel-linux-x86_64-fedora-gcc