CRAN Package Check Results for Package HiDimDA

Last updated on 2024-02-26 04:49:29 CET.

Flavor Version Tinstall Tcheck Ttotal Status Flags
r-devel-linux-x86_64-debian-clang 0.2-4 11.90 56.55 68.45 NOTE
r-devel-linux-x86_64-debian-gcc 0.2-4 9.97 41.92 51.89 NOTE
r-devel-linux-x86_64-fedora-clang 0.2-4 86.68 NOTE
r-devel-linux-x86_64-fedora-gcc 0.2-6 90.86 OK
r-devel-windows-x86_64 0.2-4 12.00 66.00 78.00 NOTE
r-patched-linux-x86_64 0.2-4 13.66 54.77 68.43 OK
r-release-linux-x86_64 0.2-4 10.67 55.13 65.80 OK
r-release-macos-arm64 0.2-4 26.00 OK
r-release-macos-x86_64 0.2-6 64.00 OK
r-release-windows-x86_64 0.2-4 12.00 73.00 85.00 OK
r-oldrel-macos-arm64 0.2-4 25.00 OK
r-oldrel-windows-x86_64 0.2-6 16.00 90.00 106.00 OK

Check Details

Version: 0.2-4
Check: package namespace information
Result: NOTE Found export directives that require package ‘methods’: ‘exportClasses’ ‘exportMethods’ Remove all such namespace directives (if obsolete) or ensure that the DESCRIPTION Depends or Imports field contains ‘methods’. Flavors: r-devel-linux-x86_64-debian-clang, r-devel-linux-x86_64-debian-gcc, r-devel-linux-x86_64-fedora-clang, r-devel-windows-x86_64

Version: 0.2-4
Check: compiled code
Result: NOTE File ‘HiDimDA/libs/HiDimDA.so’: Found no calls to: ‘R_registerRoutines’, ‘R_useDynamicSymbols’ It is good practice to register native routines and to disable symbol search. See ‘Writing portable packages’ in the ‘Writing R Extensions’ manual. Flavor: r-devel-linux-x86_64-fedora-clang