CRAN Package Check Results for Package HiCseg

Last updated on 2020-06-01 15:47:45 CEST.

Flavor Version Tinstall Tcheck Ttotal Status Flags
r-devel-linux-x86_64-debian-clang 1.1 3.25 23.62 26.87 OK
r-devel-linux-x86_64-debian-gcc 1.1 2.54 19.16 21.70 OK
r-devel-linux-x86_64-fedora-clang 1.1 42.44 NOTE
r-devel-linux-x86_64-fedora-gcc 1.1 32.92 NOTE
r-devel-windows-ix86+x86_64 1.1 9.00 64.00 73.00 OK
r-patched-linux-x86_64 1.1 3.06 23.81 26.87 OK
r-patched-solaris-x86 1.1 55.60 OK
r-release-linux-x86_64 1.1 2.93 23.43 26.36 OK
r-release-osx-x86_64 1.1 OK
r-release-windows-ix86+x86_64 1.1 8.00 49.00 57.00 OK
r-oldrel-osx-x86_64 1.1 OK
r-oldrel-windows-ix86+x86_64 1.1 10.00 75.00 85.00 OK

Check Details

Version: 1.1
Check: compiled code
Result: NOTE
    File ‘HiCseg/libs/HiCseg.so’:
     Found no calls to: ‘R_registerRoutines’, ‘R_useDynamicSymbols’
    
    It is good practice to register native routines and to disable symbol
    search.
    
    See ‘Writing portable packages’ in the ‘Writing R Extensions’ manual.
Flavors: r-devel-linux-x86_64-fedora-clang, r-devel-linux-x86_64-fedora-gcc