CRAN Package Check Results for Package HRW

Last updated on 2020-10-25 15:48:48 CET.

Flavor Version Tinstall Tcheck Ttotal Status Flags
r-devel-linux-x86_64-debian-clang 1.0-3 6.62 49.43 56.05 OK
r-devel-linux-x86_64-debian-gcc 1.0-3 5.95 38.49 44.44 OK
r-devel-linux-x86_64-fedora-clang 1.0-3 76.26 NOTE
r-devel-linux-x86_64-fedora-gcc 1.0-3 65.49 OK
r-devel-windows-ix86+x86_64 1.0-3 13.00 72.00 85.00 NOTE
r-patched-linux-x86_64 1.0-3 6.76 46.79 53.55 OK
r-patched-solaris-x86 1.0-3 95.70 NOTE
r-release-linux-x86_64 1.0-3 7.03 46.65 53.68 OK
r-release-macos-x86_64 1.0-3 NOTE
r-release-windows-ix86+x86_64 1.0-3 10.00 60.00 70.00 NOTE
r-oldrel-macos-x86_64 1.0-3 NOTE
r-oldrel-windows-ix86+x86_64 1.0-3 10.00 60.00 70.00 NOTE

Check Details

Version: 1.0-3
Check: installed package size
Result: NOTE
     installed size is 9.3Mb
     sub-directories of 1Mb or more:
     data 8.8Mb
Flavors: r-devel-linux-x86_64-fedora-clang, r-devel-windows-ix86+x86_64, r-patched-solaris-x86, r-release-macos-x86_64, r-release-windows-ix86+x86_64, r-oldrel-macos-x86_64, r-oldrel-windows-ix86+x86_64