Last updated on 2023-12-02 04:52:16 CET.
Flavor | Version | Tinstall | Tcheck | Ttotal | Status | Flags |
---|---|---|---|---|---|---|
r-devel-linux-x86_64-debian-clang | 0.5.0 | 100.36 | 296.18 | 396.54 | NOTE | |
r-devel-linux-x86_64-debian-gcc | 0.5.0 | 72.21 | 221.35 | 293.56 | NOTE | |
r-devel-linux-x86_64-fedora-clang | 0.5.0 | 537.74 | NOTE | |||
r-devel-linux-x86_64-fedora-gcc | 0.5.0 | 527.16 | NOTE | |||
r-devel-windows-x86_64 | 0.5.0 | 84.00 | 245.00 | 329.00 | NOTE | |
r-patched-linux-x86_64 | 0.5.0 | 67.93 | 284.89 | 352.82 | NOTE | |
r-release-linux-x86_64 | 0.5.0 | 70.23 | 286.45 | 356.68 | NOTE | |
r-release-macos-arm64 | 0.5.0 | 155.00 | NOTE | |||
r-release-macos-x86_64 | 0.5.0 | 260.00 | NOTE | |||
r-release-windows-x86_64 | 0.5.0 | 113.00 | 302.00 | 415.00 | NOTE | |
r-oldrel-macos-arm64 | 0.5.0 | 130.00 | OK | |||
r-oldrel-macos-x86_64 | 0.5.0 | 254.00 | OK | |||
r-oldrel-windows-x86_64 | 0.5.0 | 106.00 | 283.00 | 389.00 | OK |
Version: 0.5.0
Check: C++ specification
Result: NOTE
Specified C++11: please drop specification unless essential
Flavors: r-devel-linux-x86_64-debian-clang, r-devel-linux-x86_64-debian-gcc, r-devel-linux-x86_64-fedora-clang, r-devel-linux-x86_64-fedora-gcc, r-devel-windows-x86_64, r-patched-linux-x86_64, r-release-linux-x86_64, r-release-macos-arm64, r-release-macos-x86_64, r-release-windows-x86_64