CRAN Package Check Results for Package HDSpatialScan

Last updated on 2024-06-14 05:00:20 CEST.

Flavor Version Tinstall Tcheck Ttotal Status Flags
r-devel-linux-x86_64-debian-clang 1.0.4 126.47 374.08 500.55 OK
r-devel-linux-x86_64-debian-gcc 1.0.4 0.41 1.64 2.05 ERROR
r-devel-linux-x86_64-fedora-clang 1.0.4 623.12 OK
r-devel-linux-x86_64-fedora-gcc 1.0.4 601.27 OK
r-devel-windows-x86_64 1.0.4 93.00 244.00 337.00 OK
r-patched-linux-x86_64 1.0.4 74.66 357.40 432.06 OK
r-release-linux-x86_64 1.0.4 74.41 359.60 434.01 OK
r-release-macos-arm64 1.0.4 127.00 OK
r-release-macos-x86_64 1.0.4 192.00 OK
r-release-windows-x86_64 1.0.4 94.00 248.00 342.00 OK
r-oldrel-macos-arm64 1.0.4 162.00 OK
r-oldrel-macos-x86_64 1.0.4 271.00 OK
r-oldrel-windows-x86_64 1.0.4 120.00 318.00 438.00 OK

Check Details

Version: 1.0.4
Check: package dependencies
Result: ERROR Packages required but not available: 'purrr', 'swfscMisc' See section ‘The DESCRIPTION file’ in the ‘Writing R Extensions’ manual. Flavor: r-devel-linux-x86_64-debian-gcc