CRAN Package Check Results for Package Grouphmap

Last updated on 2024-02-29 15:53:47 CET.

Flavor Version Tinstall Tcheck Ttotal Status Flags
r-devel-linux-x86_64-debian-clang 1.0.0 0.51 1.86 2.37 ERROR
r-devel-linux-x86_64-debian-gcc 1.0.0 15.19 140.81 156.00 OK
r-devel-linux-x86_64-fedora-clang 1.0.0 261.48 OK
r-devel-linux-x86_64-fedora-gcc 1.0.0 246.69 OK
r-devel-windows-x86_64 1.0.0 19.00 136.00 155.00 OK
r-patched-linux-x86_64 1.0.0 18.09 181.97 200.06 OK
r-release-linux-x86_64 1.0.0 0.68 1.69 2.37 ERROR
r-release-macos-arm64 1.0.0 74.00 OK
r-release-macos-x86_64 1.0.0 8.00 ERROR
r-release-windows-x86_64 1.0.0 24.00 169.00 193.00 OK
r-oldrel-macos-arm64 1.0.0 75.00 OK
r-oldrel-windows-x86_64 1.0.0 24.00 168.00 192.00 OK

Check Details

Version: 1.0.0
Check: package dependencies
Result: ERROR Package required but not available: ‘clusterProfiler’ See section ‘The DESCRIPTION file’ in the ‘Writing R Extensions’ manual. Flavors: r-devel-linux-x86_64-debian-clang, r-release-linux-x86_64

Version: 1.0.0
Check: package dependencies
Result: ERROR Package required but not available: ‘org.Mm.eg.db’ See section ‘The DESCRIPTION file’ in the ‘Writing R Extensions’ manual. Flavor: r-release-macos-x86_64