CRAN Package Check Results for Package GraphPCA

Last updated on 2024-03-02 16:54:46 CET.

Flavor Version Tinstall Tcheck Ttotal Status Flags
r-devel-linux-x86_64-debian-clang 1.1 8.38 106.62 115.00 NOTE
r-devel-linux-x86_64-debian-gcc 1.1 5.73 80.94 86.67 NOTE
r-devel-linux-x86_64-fedora-clang 1.1 142.89 NOTE
r-devel-linux-x86_64-fedora-gcc 1.1 158.78 NOTE
r-devel-windows-x86_64 1.1 11.00 93.00 104.00 NOTE
r-patched-linux-x86_64 1.1 8.87 104.47 113.34 OK
r-release-linux-x86_64 1.1 7.59 105.12 112.71 OK
r-release-macos-arm64 1.1 47.00 OK
r-release-macos-x86_64 1.1 76.00 OK
r-release-windows-x86_64 1.1 15.00 113.00 128.00 OK
r-oldrel-macos-arm64 1.1 30.00 OK
r-oldrel-windows-x86_64 1.1 14.00 112.00 126.00 OK

Check Details

Version: 1.1
Check: Rd contents
Result: NOTE Argument items with no description in Rd file 'HistPCA.Rd': ‘ggplot’ Flavors: r-devel-linux-x86_64-debian-clang, r-devel-linux-x86_64-debian-gcc, r-devel-linux-x86_64-fedora-clang, r-devel-linux-x86_64-fedora-gcc, r-devel-windows-x86_64