CRAN Package Check Results for Package Grace

Last updated on 2024-02-29 15:53:47 CET.

Flavor Version Tinstall Tcheck Ttotal Status Flags
r-devel-linux-x86_64-debian-clang 0.5.3 9.53 80.66 90.19 NOTE
r-devel-linux-x86_64-debian-gcc 0.5.3 6.19 62.36 68.55 NOTE
r-devel-linux-x86_64-fedora-clang 0.5.3 106.63 NOTE
r-devel-linux-x86_64-fedora-gcc 0.5.3 106.84 NOTE
r-devel-windows-x86_64 0.5.3 8.00 96.00 104.00 NOTE
r-patched-linux-x86_64 0.5.3 7.09 80.15 87.24 NOTE
r-release-linux-x86_64 0.5.3 8.99 80.55 89.54 NOTE
r-release-macos-arm64 0.5.3 40.00 NOTE
r-release-macos-x86_64 0.5.3 60.00 NOTE
r-release-windows-x86_64 0.5.3 11.00 109.00 120.00 NOTE
r-oldrel-macos-arm64 0.5.3 37.00 NOTE
r-oldrel-windows-x86_64 0.5.3 10.00 105.00 115.00 NOTE

Check Details

Version: 0.5.3
Check: LazyData
Result: NOTE 'LazyData' is specified without a 'data' directory Flavors: r-devel-linux-x86_64-debian-clang, r-devel-linux-x86_64-debian-gcc, r-devel-linux-x86_64-fedora-clang, r-devel-linux-x86_64-fedora-gcc, r-devel-windows-x86_64, r-patched-linux-x86_64, r-release-linux-x86_64, r-release-macos-arm64, r-release-macos-x86_64, r-release-windows-x86_64, r-oldrel-macos-arm64, r-oldrel-windows-x86_64