CRAN Package Check Results for Package GofCens

Last updated on 2024-03-02 16:54:46 CET.

Flavor Version Tinstall Tcheck Ttotal Status Flags
r-devel-linux-x86_64-debian-clang 0.92 11.84 101.18 113.02 OK
r-devel-linux-x86_64-debian-gcc 0.92 8.83 75.24 84.07 OK
r-devel-linux-x86_64-fedora-clang 0.92 136.25 NOTE
r-devel-linux-x86_64-fedora-gcc 0.92 131.08 OK
r-devel-windows-x86_64 0.92 11.00 90.00 101.00 OK
r-patched-linux-x86_64 0.92 11.44 98.17 109.61 OK
r-release-linux-x86_64 0.92 12.54 97.56 110.10 OK
r-release-macos-arm64 0.92 41.00 OK
r-release-macos-x86_64 0.92 70.00 OK
r-release-windows-x86_64 0.92 15.00 108.00 123.00 OK
r-oldrel-macos-arm64 0.92 40.00 OK
r-oldrel-windows-x86_64 0.92 14.00 107.00 121.00 OK

Check Details

Version: 0.92
Check: Rd cross-references
Result: NOTE Undeclared package ‘goftest’ in Rd xrefs Flavor: r-devel-linux-x86_64-fedora-clang