CRAN Package Check Results for Package GlarmaVarSel

Last updated on 2024-02-22 05:01:46 CET.

Flavor Version Tinstall Tcheck Ttotal Status Flags
r-devel-linux-x86_64-debian-clang 1.0 OK
r-devel-linux-x86_64-debian-gcc 1.0 8.99 96.03 105.02 OK
r-devel-linux-x86_64-fedora-clang 1.0 180.11 OK
r-devel-linux-x86_64-fedora-gcc 1.0 177.33 OK
r-devel-windows-x86_64 1.0 11.00 111.00 122.00 NOTE
r-patched-linux-x86_64 1.0 10.26 126.64 136.90 OK
r-release-linux-x86_64 1.0 11.07 126.28 137.35 OK
r-release-macos-arm64 1.0 62.00 OK
r-release-macos-x86_64 1.0 95.00 OK
r-release-windows-x86_64 1.0 13.00 138.00 151.00 NOTE
r-oldrel-macos-arm64 1.0 49.00 OK
r-oldrel-windows-x86_64 1.0 13.00 139.00 152.00 NOTE

Check Details

Version: 1.0
Check: package dependencies
Result: NOTE Package suggested but not available for checking: 'doMC' Flavors: r-devel-windows-x86_64, r-release-windows-x86_64, r-oldrel-windows-x86_64