CRAN Package Check Results for Package Gifi

Last updated on 2023-12-03 04:56:07 CET.

Flavor Version Tinstall Tcheck Ttotal Status Flags
r-devel-linux-x86_64-debian-clang 0.4-0 5.97 57.95 63.92 OK
r-devel-linux-x86_64-debian-gcc 0.4-0 4.59 42.69 47.28 OK
r-devel-linux-x86_64-fedora-clang 0.4-0 78.44 OK
r-devel-linux-x86_64-fedora-gcc 0.4-0 74.06 OK
r-devel-windows-x86_64 0.4-0 10.00 65.00 75.00 OK
r-patched-linux-x86_64 0.4-0 6.26 55.78 62.04 OK
r-release-linux-x86_64 0.4-0 6.17 56.81 62.98 OK
r-release-macos-arm64 0.4-0 26.00 OK
r-release-macos-x86_64 0.4-0 41.00 NOTE
r-release-windows-x86_64 0.4-0 11.00 75.00 86.00 OK
r-oldrel-macos-arm64 0.4-0 26.00 OK
r-oldrel-macos-x86_64 0.4-0 36.00 OK
r-oldrel-windows-x86_64 0.4-0 13.00 84.00 97.00 OK

Check Details

Version: 0.4-0
Check: package dependencies
Result: NOTE Packages suggested but not available for checking: 'psych', 'psychTools' Flavor: r-release-macos-x86_64