Last updated on 2023-12-04 16:53:27 CET.
Flavor | Version | Tinstall | Tcheck | Ttotal | Status | Flags |
---|---|---|---|---|---|---|
r-devel-linux-x86_64-debian-clang | 1.4.9 | 43.75 | 276.14 | 319.89 | NOTE | |
r-devel-linux-x86_64-debian-gcc | 1.4.9 | 32.39 | 203.59 | 235.98 | NOTE | |
r-devel-linux-x86_64-fedora-clang | 1.4.9 | 392.05 | OK | |||
r-devel-linux-x86_64-fedora-gcc | 1.4.9 | 412.26 | OK | |||
r-devel-windows-x86_64 | 1.4.9 | 35.00 | 252.00 | 287.00 | OK | |
r-patched-linux-x86_64 | 1.4.9 | 32.11 | 269.08 | 301.19 | OK | |
r-release-linux-x86_64 | 1.4.9 | 36.56 | 264.26 | 300.82 | OK | |
r-release-macos-arm64 | 1.4.9 | 120.00 | OK | |||
r-release-macos-x86_64 | 1.4.9 | 217.00 | OK | |||
r-release-windows-x86_64 | 1.4.9 | 48.00 | 299.00 | 347.00 | OK | |
r-oldrel-macos-arm64 | 1.4.9 | 108.00 | OK | |||
r-oldrel-macos-x86_64 | 1.4.9 | 137.00 | OK | |||
r-oldrel-windows-x86_64 | 1.4.9 | 47.00 | 280.00 | 327.00 | OK |
Version: 1.4.9
Check: Rd files
Result: NOTE
checkRd: (-1) cpm.Rd:70: Lost braces; missing escapes or markup?
70 | covariates included in \code{formula_l} or {formula_s} (required).}
| ^
Flavors: r-devel-linux-x86_64-debian-clang, r-devel-linux-x86_64-debian-gcc