CRAN Package Check Results for Package GaussianHMM1d

Last updated on 2024-02-24 16:48:20 CET.

Flavor Version Tinstall Tcheck Ttotal Status Flags
r-devel-linux-x86_64-debian-clang 1.1.1 4.11 25.03 29.14 NOTE
r-devel-linux-x86_64-debian-gcc 1.1.1 2.71 19.03 21.74 NOTE
r-devel-linux-x86_64-fedora-clang 1.1.1 36.81 NOTE
r-devel-linux-x86_64-fedora-gcc 1.1.1 35.91 NOTE
r-devel-windows-x86_64 1.1.1 6.00 45.00 51.00 OK
r-patched-linux-x86_64 1.1.1 4.16 23.94 28.10 OK
r-release-linux-x86_64 1.1.1 3.70 23.99 27.69 OK
r-release-macos-arm64 1.1.1 18.00 OK
r-release-macos-x86_64 1.1.1 34.00 OK
r-release-windows-x86_64 1.1.1 7.00 46.00 53.00 OK
r-oldrel-macos-arm64 1.1.1 18.00 OK
r-oldrel-windows-x86_64 1.1.1 7.00 47.00 54.00 OK

Check Details

Version: 1.1.1
Check: Rd files
Result: NOTE checkRd: (-1) Sim.Markov.Chain.Rd:14: Lost braces; missing escapes or markup? 14 | \item{eta0}{inital value in {1,...,r}.} | ^ Flavors: r-devel-linux-x86_64-debian-clang, r-devel-linux-x86_64-debian-gcc, r-devel-linux-x86_64-fedora-clang, r-devel-linux-x86_64-fedora-gcc