CRAN Package Check Results for Package GWmodel

Last updated on 2020-10-26 03:48:24 CET.

Flavor Version Tinstall Tcheck Ttotal Status Flags
r-devel-linux-x86_64-debian-clang 2.1-4 68.80 232.83 301.63 OK
r-devel-linux-x86_64-debian-gcc 2.1-4 56.48 170.31 226.79 OK
r-devel-linux-x86_64-fedora-clang 2.1-4 379.50 NOTE
r-devel-linux-x86_64-fedora-gcc 2.1-4 393.54 OK
r-devel-windows-ix86+x86_64 2.1-4 154.00 370.00 524.00 NOTE
r-patched-linux-x86_64 2.1-4 68.41 210.90 279.31 OK
r-patched-solaris-x86 2.1-4 438.10 NOTE
r-release-linux-x86_64 2.1-4 61.65 208.78 270.43 OK
r-release-macos-x86_64 2.1-4 NOTE
r-release-windows-ix86+x86_64 2.1-4 121.00 299.00 420.00 NOTE
r-oldrel-macos-x86_64 2.1-4 NOTE
r-oldrel-windows-ix86+x86_64 2.1-4 142.00 341.00 483.00 NOTE

Check Details

Version: 2.1-4
Check: installed package size
Result: NOTE
     installed size is 8.3Mb
     sub-directories of 1Mb or more:
     data 3.9Mb
     libs 3.5Mb
Flavors: r-devel-linux-x86_64-fedora-clang, r-devel-windows-ix86+x86_64, r-patched-solaris-x86, r-release-macos-x86_64, r-release-windows-ix86+x86_64, r-oldrel-macos-x86_64, r-oldrel-windows-ix86+x86_64