CRAN Package Check Results for Package GWASinlps

Last updated on 2024-02-23 16:53:19 CET.

Flavor Version Tinstall Tcheck Ttotal Status Flags
r-devel-linux-x86_64-debian-clang 2.2 NOTE
r-devel-linux-x86_64-debian-gcc 2.2 32.04 95.01 127.05 NOTE
r-devel-linux-x86_64-fedora-clang 2.2 231.18 NOTE
r-devel-linux-x86_64-fedora-gcc 2.2 208.25 NOTE
r-devel-windows-x86_64 2.2 33.00 127.00 160.00 NOTE
r-patched-linux-x86_64 2.2 37.59 121.71 159.30 NOTE
r-release-linux-x86_64 2.2 28.54 124.13 152.67 NOTE
r-release-macos-arm64 2.2 55.00 NOTE
r-release-macos-x86_64 2.2 90.00 NOTE
r-release-windows-x86_64 2.2 42.00 148.00 190.00 NOTE
r-oldrel-macos-arm64 2.2 43.00 OK
r-oldrel-windows-x86_64 2.2 45.00 143.00 188.00 NOTE

Check Details

Version: 2.2
Check: C++ specification
Result: NOTE Specified C++11: please drop specification unless essential Flavors: r-devel-linux-x86_64-debian-clang, r-devel-linux-x86_64-debian-gcc, r-devel-linux-x86_64-fedora-clang, r-devel-linux-x86_64-fedora-gcc, r-devel-windows-x86_64, r-patched-linux-x86_64, r-release-linux-x86_64, r-release-macos-arm64, r-release-macos-x86_64, r-release-windows-x86_64

Version: 2.2
Check: HTML version of manual
Result: NOTE Found the following problems: GWASinlps.Rd:187:1: Warning: trimming empty <h4> Flavor: r-oldrel-windows-x86_64