Last updated on 2023-11-29 04:57:23 CET.
Flavor | Version | Tinstall | Tcheck | Ttotal | Status | Flags |
---|---|---|---|---|---|---|
r-devel-linux-x86_64-debian-clang | 1.2.0 | 59.98 | 97.20 | 157.18 | NOTE | |
r-devel-linux-x86_64-debian-gcc | 1.2.0 | 40.68 | 73.92 | 114.60 | NOTE | |
r-devel-linux-x86_64-fedora-clang | 1.2.0 | 211.08 | OK | |||
r-devel-linux-x86_64-fedora-gcc | 1.2.0 | 200.51 | OK | |||
r-devel-windows-x86_64 | 1.2.0 | 45.00 | 117.00 | 162.00 | OK | |
r-patched-linux-x86_64 | 1.2.0 | 48.68 | 95.24 | 143.92 | OK | |
r-release-linux-x86_64 | 1.2.0 | 34.26 | 94.78 | 129.04 | OK | |
r-release-macos-arm64 | 1.2.0 | 64.00 | OK | |||
r-release-macos-x86_64 | 1.2.0 | 92.00 | OK | |||
r-release-windows-x86_64 | 1.2.0 | 57.00 | 133.00 | 190.00 | OK | |
r-oldrel-macos-arm64 | 1.2.0 | 48.00 | OK | |||
r-oldrel-macos-x86_64 | 1.2.0 | 71.00 | OK | |||
r-oldrel-windows-x86_64 | 1.2.0 | 54.00 | 126.00 | 180.00 | OK |
Version: 1.2.0
Check: Rd files
Result: NOTE
checkRd: (-1) solve_game.Rd:86: Lost braces in \itemize; \value handles \item{}{} directly
checkRd: (-1) solve_game.Rd:87: Lost braces in \itemize; \value handles \item{}{} directly
checkRd: (-1) solve_game.Rd:88: Lost braces in \itemize; \value handles \item{}{} directly
checkRd: (-1) solve_game.Rd:89: Lost braces in \itemize; \value handles \item{}{} directly
checkRd: (-1) solve_game.Rd:90: Lost braces in \itemize; \value handles \item{}{} directly
Flavors: r-devel-linux-x86_64-debian-clang, r-devel-linux-x86_64-debian-gcc