CRAN Package Check Results for Package GPCMlasso

Last updated on 2020-08-13 15:51:04 CEST.

Flavor Version Tinstall Tcheck Ttotal Status Flags
r-devel-linux-x86_64-debian-clang 0.1-4 0.30 2.26 2.56 ERROR
r-devel-linux-x86_64-debian-gcc 0.1-4 45.66 127.84 173.50 OK
r-devel-linux-x86_64-fedora-clang 0.1-4 311.59 NOTE
r-devel-linux-x86_64-fedora-gcc 0.1-4 278.91 OK
r-devel-windows-ix86+x86_64 0.1-4 155.00 317.00 472.00 OK
r-patched-linux-x86_64 0.1-4 47.97 167.43 215.40 OK
r-patched-solaris-x86 0.1-4 669.70 OK
r-release-linux-x86_64 0.1-4 47.78 167.83 215.61 OK
r-release-macos-x86_64 0.1-4 OK
r-release-windows-ix86+x86_64 0.1-4 149.00 326.00 475.00 OK
r-oldrel-macos-x86_64 0.1-4 OK
r-oldrel-windows-ix86+x86_64 0.1-4 87.00 264.00 351.00 OK

Check Details

Version: 0.1-4
Check: package dependencies
Result: ERROR
    Package required but not available: 'caret'
    
    See section 'The DESCRIPTION file' in the 'Writing R Extensions'
    manual.
Flavor: r-devel-linux-x86_64-debian-clang

Version: 0.1-4
Check: Rd cross-references
Result: NOTE
    Undeclared package ‘gvcm.cat’ in Rd xrefs
Flavor: r-devel-linux-x86_64-fedora-clang