CRAN Package Check Results for Package GMMAT

Last updated on 2020-08-11 03:47:49 CEST.

Flavor Version Tinstall Tcheck Ttotal Status Flags
r-devel-linux-x86_64-debian-clang 1.2.0 68.27 504.67 572.94 OK
r-devel-linux-x86_64-debian-gcc 1.2.0 57.30 387.23 444.53 OK
r-devel-linux-x86_64-fedora-clang 1.2.0 704.44 NOTE
r-devel-linux-x86_64-fedora-gcc 1.2.0 687.69 OK
r-devel-windows-ix86+x86_64 1.2.0 155.00 786.00 941.00 NOTE
r-patched-linux-x86_64 1.2.0 48.70 494.08 542.78 OK
r-patched-solaris-x86 1.2.0 4.70 ERROR
r-release-linux-x86_64 1.2.0 50.24 482.77 533.01 OK
r-release-macos-x86_64 1.2.0 NOTE
r-release-windows-ix86+x86_64 1.2.0 156.00 783.00 939.00 NOTE
r-oldrel-macos-x86_64 1.2.0 ERROR
r-oldrel-windows-ix86+x86_64 1.2.0 97.00 622.00 719.00 NOTE

Check Details

Version: 1.2.0
Check: installed package size
Result: NOTE
     installed size is 7.2Mb
     sub-directories of 1Mb or more:
     libs 5.4Mb
Flavors: r-devel-linux-x86_64-fedora-clang, r-release-macos-x86_64

Version: 1.2.0
Check: package dependencies
Result: NOTE
    Package suggested but not available for checking: 'doMC'
Flavors: r-devel-windows-ix86+x86_64, r-release-windows-ix86+x86_64, r-oldrel-windows-ix86+x86_64

Version: 1.2.0
Check: package dependencies
Result: ERROR
    Packages required but not available: 'SeqArray', 'SeqVarTools'
    
    See section ‘The DESCRIPTION file’ in the ‘Writing R Extensions’
    manual.
Flavor: r-patched-solaris-x86

Version: 1.2.0
Check: whether package can be installed
Result: ERROR
    Installation failed.
Flavor: r-oldrel-macos-x86_64