CRAN Package Check Results for Package GLMpack

Last updated on 2020-10-30 03:50:14 CET.

Flavor Version Tinstall Tcheck Ttotal Status Flags
r-devel-linux-x86_64-debian-clang 0.1.0 2.64 36.38 39.02 OK
r-devel-linux-x86_64-debian-gcc 0.1.0 2.13 27.71 29.84 OK
r-devel-linux-x86_64-fedora-clang 0.1.0 54.53 NOTE
r-devel-linux-x86_64-fedora-gcc 0.1.0 46.80 NOTE
r-devel-windows-ix86+x86_64 0.1.0 8.00 59.00 67.00 OK
r-patched-linux-x86_64 0.1.0 1.89 34.98 36.87 OK
r-patched-solaris-x86 0.1.0 69.30 NOTE
r-release-linux-x86_64 0.1.0 2.50 35.09 37.59 OK
r-release-macos-x86_64 0.1.0 NOTE
r-release-windows-ix86+x86_64 0.1.0 5.00 45.00 50.00 OK
r-oldrel-macos-x86_64 0.1.0 NOTE
r-oldrel-windows-ix86+x86_64 0.1.0 5.00 56.00 61.00 OK

Check Details

Version: 0.1.0
Check: dependencies in R code
Result: NOTE
    Namespaces in Imports field not imported from:
     ‘AER’ ‘MASS’ ‘Matrix’ ‘censReg’ ‘effects’ ‘foreign’ ‘lme4’ ‘lmtest’
     ‘nnet’ ‘pBrackets’ ‘plm’ ‘pscl’ ‘sandwich’
     All declared Imports should be used.
Flavors: r-devel-linux-x86_64-fedora-clang, r-devel-linux-x86_64-fedora-gcc, r-patched-solaris-x86, r-release-macos-x86_64, r-oldrel-macos-x86_64