CRAN Package Check Results for Package GHap

Last updated on 2023-12-10 16:51:14 CET.

Flavor Version Tinstall Tcheck Ttotal Status Flags
r-devel-linux-x86_64-debian-clang 3.0.0 23.84 164.67 188.51 OK
r-devel-linux-x86_64-debian-gcc 3.0.0 17.06 118.19 135.25 OK
r-devel-linux-x86_64-fedora-clang 3.0.0 228.26 NOTE
r-devel-linux-x86_64-fedora-gcc 3.0.0 226.38 NOTE
r-devel-windows-x86_64 3.0.0 19.00 132.00 151.00 OK
r-patched-linux-x86_64 3.0.0 30.81 157.69 188.50 OK
r-release-linux-x86_64 3.0.0 16.99 154.30 171.29 OK
r-release-macos-arm64 3.0.0 68.00 OK
r-release-macos-x86_64 3.0.0 113.00 OK
r-release-windows-x86_64 3.0.0 25.00 163.00 188.00 OK
r-oldrel-macos-arm64 3.0.0 57.00 NOTE
r-oldrel-macos-x86_64 3.0.0 76.00 NOTE
r-oldrel-windows-x86_64 3.0.0 25.00 163.00 188.00 OK

Check Details

Version: 3.0.0
Check: dependencies in R code
Result: NOTE Namespace in Imports field not imported from: ‘class’ All declared Imports should be used. Flavors: r-devel-linux-x86_64-fedora-clang, r-devel-linux-x86_64-fedora-gcc, r-oldrel-macos-arm64, r-oldrel-macos-x86_64