CRAN Package Check Results for Package GHS

Last updated on 2024-02-26 04:49:28 CET.

Flavor Version Tinstall Tcheck Ttotal Status Flags
r-devel-linux-x86_64-debian-clang 0.1 8.67 31.48 40.15 NOTE
r-devel-linux-x86_64-debian-gcc 0.1 7.96 23.92 31.88 NOTE
r-devel-linux-x86_64-fedora-clang 0.1 51.78 NOTE
r-devel-linux-x86_64-fedora-gcc 0.1 50.13 NOTE
r-devel-windows-x86_64 0.1 9.00 44.00 53.00 NOTE
r-patched-linux-x86_64 0.1 8.28 29.17 37.45 NOTE
r-release-linux-x86_64 0.1 8.51 29.63 38.14 NOTE
r-release-macos-arm64 0.1 19.00 NOTE
r-release-macos-x86_64 0.1 28.00 NOTE
r-release-windows-x86_64 0.1 8.00 45.00 53.00 NOTE
r-oldrel-macos-arm64 0.1 19.00 NOTE
r-oldrel-windows-x86_64 0.1 13.00 50.00 63.00 NOTE

Check Details

Version: 0.1
Check: LazyData
Result: NOTE 'LazyData' is specified without a 'data' directory Flavors: r-devel-linux-x86_64-debian-clang, r-devel-linux-x86_64-debian-gcc, r-devel-linux-x86_64-fedora-clang, r-devel-linux-x86_64-fedora-gcc, r-devel-windows-x86_64, r-patched-linux-x86_64, r-release-linux-x86_64, r-release-macos-arm64, r-release-macos-x86_64, r-release-windows-x86_64, r-oldrel-macos-arm64, r-oldrel-windows-x86_64