CRAN Package Check Results for Package GENEAclassify

Last updated on 2024-02-25 04:51:06 CET.

Flavor Version Tinstall Tcheck Ttotal Status Flags
r-devel-linux-x86_64-debian-clang 1.5.5 5.30 48.87 54.17 OK
r-devel-linux-x86_64-debian-gcc 1.5.5 5.38 38.07 43.45 OK
r-devel-linux-x86_64-fedora-clang 1.5.5 70.99 NOTE
r-devel-linux-x86_64-fedora-gcc 1.5.5 83.55 OK
r-devel-windows-x86_64 1.5.4 7.00 65.00 72.00 NOTE
r-patched-linux-x86_64 1.5.5 7.79 48.04 55.83 OK
r-release-linux-x86_64 1.5.4 6.72 48.82 55.54 OK
r-release-macos-arm64 1.5.5 42.00 OK
r-release-macos-x86_64 1.5.5 78.00 OK
r-release-windows-x86_64 1.5.5 8.00 70.00 78.00 OK
r-oldrel-macos-arm64 1.5.5 37.00 OK
r-oldrel-windows-x86_64 1.5.5 9.00 71.00 80.00 OK

Check Details

Version: 1.5.5
Check: Rd cross-references
Result: NOTE Undeclared package ‘mmap’ in Rd xrefs Flavor: r-devel-linux-x86_64-fedora-clang

Version: 1.5.4
Check: Rd \usage sections
Result: NOTE Documented arguments not in \usage in Rd file 'CirDisp.Rd': 'x' Documented arguments not in \usage in Rd file 'CirKurt.Rd': 'x' 'na.rm' Documented arguments not in \usage in Rd file 'CirSD.Rd': 'x' Documented arguments not in \usage in Rd file 'CirSkew.Rd': 'x' Documented arguments not in \usage in Rd file 'CirVar.Rd': 'x' Documented arguments not in \usage in Rd file 'MeanDir.Rd': 'x' Documented arguments not in \usage in Rd file 'impact.Rd': 'na.rm' Functions with \usage entries need to have the appropriate \alias entries, and all their arguments documented. The \usage entries must correspond to syntactically valid R code. See chapter 'Writing R documentation files' in the 'Writing R Extensions' manual. Flavor: r-devel-windows-x86_64