CRAN Package Check Results for Package GAS

Last updated on 2020-08-07 15:48:41 CEST.

Flavor Version Tinstall Tcheck Ttotal Status Flags
r-devel-linux-x86_64-debian-clang 0.3.3 444.70 81.69 526.39 OK
r-devel-linux-x86_64-debian-gcc 0.3.3 336.23 60.46 396.69 OK
r-devel-linux-x86_64-fedora-clang 0.3.3 754.00 NOTE
r-devel-linux-x86_64-fedora-gcc 0.3.3 693.78 OK
r-devel-windows-ix86+x86_64 0.3.3 1088.00 156.00 1244.00 NOTE
r-patched-linux-x86_64 0.3.3 338.62 82.37 420.99 OK
r-patched-solaris-x86 0.3.3 535.00 OK
r-release-linux-x86_64 0.3.3 343.68 81.72 425.40 OK
r-release-macos-x86_64 0.3.3 NOTE
r-release-windows-ix86+x86_64 0.3.3 1125.00 208.00 1333.00 NOTE
r-oldrel-macos-x86_64 0.3.3 NOTE
r-oldrel-windows-ix86+x86_64 0.3.3 723.00 155.00 878.00 OK

Check Details

Version: 0.3.3
Check: installed package size
Result: NOTE
     installed size is 12.7Mb
     sub-directories of 1Mb or more:
     data 1.4Mb
     libs 10.6Mb
Flavors: r-devel-linux-x86_64-fedora-clang, r-devel-windows-ix86+x86_64, r-release-macos-x86_64, r-release-windows-ix86+x86_64, r-oldrel-macos-x86_64