CRAN Package Check Results for Package GALLO

Last updated on 2024-02-22 05:01:45 CET.

Flavor Version Tinstall Tcheck Ttotal Status Flags
r-devel-linux-x86_64-debian-clang 1.3 NOTE
r-devel-linux-x86_64-debian-gcc 1.3 7.48 81.75 89.23 NOTE
r-devel-linux-x86_64-fedora-clang 1.3 153.64 NOTE
r-devel-linux-x86_64-fedora-gcc 1.3 161.31 NOTE
r-devel-windows-x86_64 1.3 10.00 109.00 119.00 NOTE
r-patched-linux-x86_64 1.3 7.29 107.49 114.78 OK
r-release-linux-x86_64 1.3 6.11 103.64 109.75 OK
r-release-macos-arm64 1.3 55.00 OK
r-release-macos-x86_64 1.3 86.00 OK
r-release-windows-x86_64 1.3 15.00 125.00 140.00 OK
r-oldrel-macos-arm64 1.3 56.00 NOTE
r-oldrel-windows-x86_64 1.3 13.00 136.00 149.00 OK

Check Details

Version: 1.3
Check: Rd files
Result: NOTE checkRd: (-1) QTLmarkers.Rd:30: Lost braces 30 | (\doi{10.1093/jas/sky382}{PubMed}) | ^ checkRd: (-1) QTLwindows.Rd:31: Lost braces 31 | (\doi{10.1093/jas/sky382}{PubMed}) | ^ Flavors: r-devel-linux-x86_64-debian-clang, r-devel-linux-x86_64-debian-gcc, r-devel-linux-x86_64-fedora-clang, r-devel-linux-x86_64-fedora-gcc

Version: 1.3
Check: Rd \usage sections
Result: NOTE Documented arguments not in \usage in Rd file 'splitQTL_comment.Rd': ‘output_qtls’ Functions with \usage entries need to have the appropriate \alias entries, and all their arguments documented. The \usage entries must correspond to syntactically valid R code. See chapter ‘Writing R documentation files’ in the ‘Writing R Extensions’ manual. Flavors: r-devel-linux-x86_64-debian-clang, r-devel-linux-x86_64-debian-gcc, r-devel-linux-x86_64-fedora-clang, r-devel-linux-x86_64-fedora-gcc, r-devel-windows-x86_64

Version: 1.3
Check: dependencies in R code
Result: NOTE Namespaces in Imports field not imported from: ‘DT’ ‘webshot’ All declared Imports should be used. Flavors: r-devel-linux-x86_64-fedora-clang, r-devel-linux-x86_64-fedora-gcc, r-oldrel-macos-arm64