CRAN Package Check Results for Package GA

Last updated on 2020-08-06 04:48:02 CEST.

Flavor Version Tinstall Tcheck Ttotal Status Flags
r-devel-linux-x86_64-debian-clang 3.2 50.73 79.79 130.52 OK
r-devel-linux-x86_64-debian-gcc 3.2 40.94 57.38 98.32 OK
r-devel-linux-x86_64-fedora-clang 3.2 173.19 NOTE
r-devel-linux-x86_64-fedora-gcc 3.2 163.30 OK
r-devel-windows-ix86+x86_64 3.2 122.00 125.00 247.00 OK
r-patched-linux-x86_64 3.2 43.95 75.92 119.87 OK
r-patched-solaris-x86 3.2 176.40 OK
r-release-linux-x86_64 3.2 42.02 77.08 119.10 OK
r-release-macos-x86_64 3.2 NOTE
r-release-windows-ix86+x86_64 3.2 123.00 168.00 291.00 OK
r-oldrel-macos-x86_64 3.2 NOTE
r-oldrel-windows-ix86+x86_64 3.2 78.00 137.00 215.00 OK

Check Details

Version: 3.2
Check: installed package size
Result: NOTE
     installed size is 6.6Mb
     sub-directories of 1Mb or more:
     doc 1.7Mb
     libs 4.4Mb
Flavors: r-devel-linux-x86_64-fedora-clang, r-release-macos-x86_64, r-oldrel-macos-x86_64