CRAN Package Check Results for Package FuncNN

Last updated on 2024-02-23 16:53:18 CET.

Flavor Version Tinstall Tcheck Ttotal Status Flags
r-devel-linux-x86_64-debian-clang 1.0 OK
r-devel-linux-x86_64-debian-gcc 1.0 16.66 114.72 131.38 OK
r-devel-linux-x86_64-fedora-clang 1.0 214.40 NOTE
r-devel-linux-x86_64-fedora-gcc 1.0 203.65 NOTE
r-devel-windows-x86_64 1.0 18.00 128.00 146.00 OK
r-patched-linux-x86_64 1.0 18.12 150.02 168.14 OK
r-release-linux-x86_64 1.0 20.84 150.14 170.98 OK
r-release-macos-arm64 1.0 66.00 OK
r-release-macos-x86_64 1.0 107.00 OK
r-release-windows-x86_64 1.0 25.00 154.00 179.00 OK
r-oldrel-macos-arm64 1.0 56.00 NOTE
r-oldrel-windows-x86_64 1.0 25.00 153.00 178.00 OK

Additional issues

donttest

Check Details

Version: 1.0
Check: dependencies in R code
Result: NOTE Namespace in Imports field not imported from: ‘foreach’ All declared Imports should be used. Flavors: r-devel-linux-x86_64-fedora-clang, r-devel-linux-x86_64-fedora-gcc, r-oldrel-macos-arm64