CRAN Package Check Results for Package Formula

Last updated on 2020-07-14 03:47:46 CEST.

Flavor Version Tinstall Tcheck Ttotal Status Flags
r-devel-linux-x86_64-debian-clang 1.2-3 2.07 31.11 33.18 OK
r-devel-linux-x86_64-debian-gcc 1.2-3 1.76 25.17 26.93 OK
r-devel-linux-x86_64-fedora-clang 1.2-3 50.71 OK
r-devel-linux-x86_64-fedora-gcc 1.2-3 42.79 OK
r-devel-windows-ix86+x86_64 1.2-3 6.00 47.00 53.00 OK
r-patched-linux-x86_64 1.2-3 2.19 31.44 33.63 OK
r-patched-solaris-x86 1.2-3 58.60 OK
r-release-linux-x86_64 1.2-3 1.99 31.65 33.64 OK
r-release-macos-x86_64 1.2-3 FAIL
r-release-windows-ix86+x86_64 1.2-3 7.00 48.00 55.00 OK
r-oldrel-macos-x86_64 1.2-3 OK
r-oldrel-windows-ix86+x86_64 1.2-3 5.00 76.00 81.00 OK

Check Details

Version: 1.2-3
Check: DESCRIPTION meta-information
Result: FAIL
Flavor: r-release-macos-x86_64