CRAN Package Check Results for Package ForeCA

Last updated on 2024-03-01 16:49:20 CET.

Flavor Version Tinstall Tcheck Ttotal Status Flags
r-devel-linux-x86_64-debian-clang 0.2.7 5.88 249.77 255.65 NOTE
r-devel-linux-x86_64-debian-gcc 0.2.7 4.92 155.67 160.59 NOTE
r-devel-linux-x86_64-fedora-clang 0.2.7 296.18 NOTE
r-devel-linux-x86_64-fedora-gcc 0.2.7 309.79 NOTE
r-devel-windows-x86_64 0.2.7 6.00 160.00 166.00 OK
r-patched-linux-x86_64 0.2.7 7.10 233.64 240.74 OK
r-release-linux-x86_64 0.2.7 5.76 241.42 247.18 OK
r-release-macos-arm64 0.2.7 75.00 OK
r-release-macos-x86_64 0.2.7 138.00 OK
r-release-windows-x86_64 0.2.7 8.00 218.00 226.00 OK
r-oldrel-macos-arm64 0.2.7 73.00 OK
r-oldrel-windows-x86_64 0.2.7 8.00 211.00 219.00 OK

Check Details

Version: 0.2.7
Check: Rd files
Result: NOTE checkRd: (-1) foreca.Rd:77: Lost braces in \itemize; \value handles \item{}{} directly checkRd: (-1) foreca.Rd:78-80: Lost braces in \itemize; \value handles \item{}{} directly checkRd: (-1) foreca.Rd:81-83: Lost braces in \itemize; \value handles \item{}{} directly checkRd: (-1) foreca.Rd:84-87: Lost braces in \itemize; \value handles \item{}{} directly checkRd: (-1) foreca.Rd:88-90: Lost braces in \itemize; \value handles \item{}{} directly checkRd: (-1) foreca.Rd:91-92: Lost braces in \itemize; \value handles \item{}{} directly checkRd: (-1) foreca.Rd:93: Lost braces in \itemize; \value handles \item{}{} directly checkRd: (-1) initialize_weightvector.Rd:53-54: Lost braces in \itemize; meant \describe ? checkRd: (-1) initialize_weightvector.Rd:55: Lost braces in \itemize; meant \describe ? checkRd: (-1) initialize_weightvector.Rd:56: Lost braces in \itemize; meant \describe ? checkRd: (-1) initialize_weightvector.Rd:57: Lost braces in \itemize; meant \describe ? checkRd: (-1) initialize_weightvector.Rd:58: Lost braces in \itemize; meant \describe ? checkRd: (-1) initialize_weightvector.Rd:59: Lost braces in \itemize; meant \describe ? checkRd: (-1) initialize_weightvector.Rd:60-61: Lost braces in \itemize; meant \describe ? checkRd: (-1) initialize_weightvector.Rd:62: Lost braces in \itemize; meant \describe ? checkRd: (-1) initialize_weightvector.Rd:63: Lost braces in \itemize; meant \describe ? checkRd: (-1) initialize_weightvector.Rd:64-65: Lost braces in \itemize; meant \describe ? Flavors: r-devel-linux-x86_64-debian-clang, r-devel-linux-x86_64-debian-gcc, r-devel-linux-x86_64-fedora-clang, r-devel-linux-x86_64-fedora-gcc