CRAN Package Check Results for Package FitUltD

Last updated on 2024-02-25 04:51:05 CET.

Flavor Version Tinstall Tcheck Ttotal Status Flags
r-devel-linux-x86_64-debian-clang 3.1.0 10.75 97.87 108.62 NOTE
r-devel-linux-x86_64-debian-gcc 3.1.0 9.21 72.65 81.86 NOTE
r-devel-linux-x86_64-fedora-clang 3.1.0 139.88 NOTE
r-devel-linux-x86_64-fedora-gcc 3.1.0 124.95 NOTE
r-devel-windows-x86_64 3.1.0 10.00 81.00 91.00 NOTE
r-patched-linux-x86_64 3.1.0 7.10 94.42 101.52 NOTE
r-release-linux-x86_64 3.1.0 6.61 91.52 98.13 NOTE
r-release-macos-arm64 3.1.0 42.00 NOTE
r-release-macos-x86_64 3.1.0 66.00 NOTE
r-release-windows-x86_64 3.1.0 13.00 100.00 113.00 NOTE
r-oldrel-macos-arm64 3.1.0 36.00 NOTE
r-oldrel-windows-x86_64 3.1.0 14.00 109.00 123.00 NOTE

Check Details

Version: 3.1.0
Check: LazyData
Result: NOTE 'LazyData' is specified without a 'data' directory Flavors: r-devel-linux-x86_64-debian-clang, r-devel-linux-x86_64-debian-gcc, r-devel-linux-x86_64-fedora-clang, r-devel-linux-x86_64-fedora-gcc, r-devel-windows-x86_64, r-patched-linux-x86_64, r-release-linux-x86_64, r-release-macos-arm64, r-release-macos-x86_64, r-release-windows-x86_64, r-oldrel-macos-arm64, r-oldrel-windows-x86_64