CRAN Package Check Results for Package FeatureHashing

Last updated on 2024-07-21 16:52:11 CEST.

Flavor Version Tinstall Tcheck Ttotal Status Flags
r-devel-linux-x86_64-debian-clang 0.9.2 62.07 132.22 194.29 NOTE
r-devel-linux-x86_64-debian-gcc 0.9.2 46.60 100.20 146.80 NOTE
r-devel-linux-x86_64-fedora-clang 0.9.2 319.88 NOTE
r-devel-linux-x86_64-fedora-gcc 0.9.2 315.07 NOTE
r-devel-windows-x86_64 0.9.2 57.00 133.00 190.00 NOTE
r-patched-linux-x86_64 0.9.2 70.34 128.20 198.54 OK
r-release-linux-x86_64 0.9.2 73.91 128.36 202.27 OK
r-release-macos-arm64 0.9.2 81.00 OK
r-release-macos-x86_64 0.9.2 107.00 OK
r-release-windows-x86_64 0.9.2 71.00 131.00 202.00 OK
r-oldrel-macos-arm64 0.9.2 88.00 OK
r-oldrel-macos-x86_64 0.9.2 158.00 OK
r-oldrel-windows-x86_64 0.9.2 75.00 161.00 236.00 OK

Check Details

Version: 0.9.2
Check: compiled code
Result: NOTE File ‘FeatureHashing/libs/FeatureHashing.so’: Found non-API call to R: ‘HASHTAB’ Compiled code should not call non-API entry points in R. See ‘Writing portable packages’ in the ‘Writing R Extensions’ manual, and section ‘Moving into C API compliance’ for issues with the use of non-API entry points. Flavors: r-devel-linux-x86_64-debian-clang, r-devel-linux-x86_64-debian-gcc, r-devel-linux-x86_64-fedora-clang, r-devel-linux-x86_64-fedora-gcc

Version: 0.9.2
Check: Rd cross-references
Result: NOTE Found the following Rd file(s) with Rd \link{} targets missing package anchors: CSCMatrix-class.Rd: dgCMatrix-class hashed.model.matrix.Rd: dgCMatrix-class Please provide package anchors for all Rd \link{} targets not in the package itself and the base packages. Flavors: r-devel-linux-x86_64-debian-gcc, r-devel-windows-x86_64

Version: 0.9.2
Check: compiled code
Result: NOTE File 'FeatureHashing/libs/x64/FeatureHashing.dll': Found non-API call to R: 'HASHTAB' Compiled code should not call non-API entry points in R. See 'Writing portable packages' in the 'Writing R Extensions' manual, and section 'Moving into C API compliance' for issues with the use of non-API entry points. Flavor: r-devel-windows-x86_64