CRAN Package Check Results for Package FastKM

Last updated on 2020-08-08 15:46:46 CEST.

Flavor Version Tinstall Tcheck Ttotal Status Flags
r-devel-linux-x86_64-debian-clang 1.0 7.65 62.58 70.23 NOTE
r-devel-linux-x86_64-debian-gcc 1.0 6.38 48.03 54.41 NOTE
r-devel-linux-x86_64-fedora-clang 1.0 92.63 NOTE
r-devel-linux-x86_64-fedora-gcc 1.0 80.70 NOTE
r-devel-windows-ix86+x86_64 1.0 20.00 95.00 115.00 NOTE
r-patched-linux-x86_64 1.0 7.03 62.11 69.14 NOTE
r-patched-solaris-x86 1.0 123.20 NOTE
r-release-linux-x86_64 1.0 7.86 60.27 68.13 NOTE
r-release-macos-x86_64 1.0 NOTE
r-release-windows-ix86+x86_64 1.0 20.00 72.00 92.00 NOTE
r-oldrel-macos-x86_64 1.0 NOTE
r-oldrel-windows-ix86+x86_64 1.0 10.00 87.00 97.00 NOTE

Check Details

Version: 1.0
Check: package dependencies
Result: NOTE
    Package suggested but not available for checking: 'coxKM'
Flavors: r-devel-linux-x86_64-debian-clang, r-devel-linux-x86_64-debian-gcc, r-devel-linux-x86_64-fedora-clang, r-devel-linux-x86_64-fedora-gcc, r-devel-windows-ix86+x86_64, r-patched-linux-x86_64, r-patched-solaris-x86, r-release-linux-x86_64, r-release-macos-x86_64, r-release-windows-ix86+x86_64, r-oldrel-macos-x86_64, r-oldrel-windows-ix86+x86_64