CRAN Package Check Results for Package FastHCS

Last updated on 2020-11-30 03:47:40 CET.

Flavor Version Tinstall Tcheck Ttotal Status Flags
r-devel-linux-x86_64-debian-clang 0.0.7 53.54 26.61 80.15 OK
r-devel-linux-x86_64-debian-gcc 0.0.7 65.35 24.76 90.11 OK
r-devel-linux-x86_64-fedora-clang 0.0.7 99.75 NOTE
r-devel-linux-x86_64-fedora-gcc 0.0.7 89.02 NOTE
r-devel-windows-ix86+x86_64 0.0.7 80.00 58.00 138.00 OK
r-patched-linux-x86_64 0.0.7 93.26 28.21 121.47 OK
r-patched-solaris-x86 0.0.7 80.30 OK
r-release-linux-x86_64 0.0.7 93.56 28.87 122.43 OK
r-release-macos-x86_64 0.0.7 NOTE
r-release-windows-ix86+x86_64 0.0.7 86.00 59.00 145.00 OK
r-oldrel-macos-x86_64 0.0.7 NOTE
r-oldrel-windows-ix86+x86_64 0.0.7 70.00 62.00 132.00 OK

Check Details

Version: 0.0.7
Check: installed package size
Result: NOTE
     installed size is 16.6Mb
     sub-directories of 1Mb or more:
     data 1.3Mb
     libs 15.2Mb
Flavors: r-devel-linux-x86_64-fedora-clang, r-release-macos-x86_64, r-oldrel-macos-x86_64

Version: 0.0.7
Check: compiled code
Result: NOTE
    File ‘FastHCS/libs/FastHCS.so’:
     Found no calls to: ‘R_registerRoutines’, ‘R_useDynamicSymbols’
    
    It is good practice to register native routines and to disable symbol
    search.
    
    See ‘Writing portable packages’ in the ‘Writing R Extensions’ manual.
Flavors: r-devel-linux-x86_64-fedora-clang, r-devel-linux-x86_64-fedora-gcc