CRAN Package Check Results for Package FastBandChol

Last updated on 2020-10-25 15:48:45 CET.

Flavor Version Tinstall Tcheck Ttotal Status Flags
r-devel-linux-x86_64-debian-clang 0.1.1 34.02 26.08 60.10 OK
r-devel-linux-x86_64-debian-gcc 0.1.1 21.43 20.28 41.71 OK
r-devel-linux-x86_64-fedora-clang 0.1.1 85.52 NOTE
r-devel-linux-x86_64-fedora-gcc 0.1.1 71.60 NOTE
r-devel-windows-ix86+x86_64 0.1.1 74.00 68.00 142.00 OK
r-patched-linux-x86_64 0.1.1 29.31 24.85 54.16 OK
r-patched-solaris-x86 0.1.1 79.70 OK
r-release-linux-x86_64 0.1.1 29.85 24.85 54.70 OK
r-release-macos-x86_64 0.1.1 OK
r-release-windows-ix86+x86_64 0.1.1 56.00 51.00 107.00 OK
r-oldrel-macos-x86_64 0.1.1 OK
r-oldrel-windows-ix86+x86_64 0.1.1 66.00 52.00 118.00 OK

Check Details

Version: 0.1.1
Check: compiled code
Result: NOTE
    File ‘FastBandChol/libs/FastBandChol.so’:
     Found no calls to: ‘R_registerRoutines’, ‘R_useDynamicSymbols’
    
    It is good practice to register native routines and to disable symbol
    search.
    
    See ‘Writing portable packages’ in the ‘Writing R Extensions’ manual.
Flavors: r-devel-linux-x86_64-fedora-clang, r-devel-linux-x86_64-fedora-gcc