CRAN Package Check Results for Package Factoshiny

Last updated on 2020-10-30 03:50:13 CET.

Flavor Version Tinstall Tcheck Ttotal Status Flags
r-devel-linux-x86_64-debian-clang 2.2 9.57 77.89 87.46 OK
r-devel-linux-x86_64-debian-gcc 2.2 8.24 60.79 69.03 OK
r-devel-linux-x86_64-fedora-clang 2.2 113.74 OK
r-devel-linux-x86_64-fedora-gcc 2.2 111.90 OK
r-devel-windows-ix86+x86_64 2.2 25.00 104.00 129.00 OK
r-patched-linux-x86_64 2.2 6.16 71.51 77.67 OK
r-patched-solaris-x86 2.2 152.50 OK
r-release-linux-x86_64 2.2 9.08 71.65 80.73 OK
r-release-macos-x86_64 2.2 OK
r-release-windows-ix86+x86_64 2.2 20.00 87.00 107.00 OK
r-oldrel-macos-x86_64 2.2 WARN
r-oldrel-windows-ix86+x86_64 2.2 18.00 100.00 118.00 OK

Check Details

Version: 2.2
Check: dependencies in R code
Result: NOTE
    No protocol specified
    No protocol specified
Flavor: r-oldrel-macos-x86_64

Version: 2.2
Check: S3 generic/method consistency
Result: WARN
    No protocol specified
    No protocol specified
    See section ‘Generic functions and methods’ in the ‘Writing R
    Extensions’ manual.
Flavor: r-oldrel-macos-x86_64

Version: 2.2
Check: replacement functions
Result: WARN
    No protocol specified
    No protocol specified
    The argument of a replacement function which corresponds to the right
    hand side must be named ‘value’.
Flavor: r-oldrel-macos-x86_64

Version: 2.2
Check: foreign function calls
Result: NOTE
    No protocol specified
    No protocol specified
    See chapter ‘System and foreign language interfaces’ in the ‘Writing R
    Extensions’ manual.
Flavor: r-oldrel-macos-x86_64

Version: 2.2
Check: R code for possible problems
Result: NOTE
    No protocol specified
    No protocol specified
Flavor: r-oldrel-macos-x86_64

Version: 2.2
Check: for missing documentation entries
Result: WARN
    No protocol specified
    No protocol specified
    All user-level objects in a package should have documentation entries.
    See chapter ‘Writing R documentation files’ in the ‘Writing R
    Extensions’ manual.
Flavor: r-oldrel-macos-x86_64

Version: 2.2
Check: for code/documentation mismatches
Result: WARN
    No protocol specified
    No protocol specified
    No protocol specified
    No protocol specified
    No protocol specified
    No protocol specified
Flavor: r-oldrel-macos-x86_64

Version: 2.2
Check: Rd \usage sections
Result: NOTE
    No protocol specified
    No protocol specified
    The \usage entries for S3 methods should use the \method markup and not
    their full name.
    See chapter ‘Writing R documentation files’ in the ‘Writing R
    Extensions’ manual.
Flavor: r-oldrel-macos-x86_64