Last updated on 2023-11-30 05:50:51 CET.
Flavor | Version | Tinstall | Tcheck | Ttotal | Status | Flags |
---|---|---|---|---|---|---|
r-devel-linux-x86_64-debian-clang | 2.2.0 | 159.41 | 565.77 | 725.18 | NOTE | |
r-devel-linux-x86_64-debian-gcc | 2.2.0 | 137.47 | 436.32 | 573.79 | NOTE | |
r-devel-linux-x86_64-fedora-clang | 2.2.0 | 956.36 | NOTE | |||
r-devel-linux-x86_64-fedora-gcc | 2.2.0 | 1051.90 | NOTE | |||
r-devel-windows-x86_64 | 2.2.0 | 110.00 | 265.00 | 375.00 | NOTE | --no-vignettes |
r-patched-linux-x86_64 | 2.2.0 | 162.79 | 559.25 | 722.04 | NOTE | |
r-release-linux-x86_64 | 2.2.0 | 137.49 | 546.24 | 683.73 | NOTE | |
r-release-macos-arm64 | 2.2.0 | 194.00 | NOTE | |||
r-release-macos-x86_64 | 2.2.0 | 310.00 | NOTE | |||
r-release-windows-x86_64 | 2.2.0 | 147.00 | 334.00 | 481.00 | NOTE | --no-vignettes |
r-oldrel-macos-arm64 | 2.2.0 | 237.00 | NOTE | |||
r-oldrel-macos-x86_64 | 2.2.0 | 365.00 | NOTE | |||
r-oldrel-windows-x86_64 | 2.2.0 | 148.00 | 325.00 | 473.00 | NOTE | --no-vignettes |
Version: 2.2.0
Check: package dependencies
Result: NOTE
Packages suggested but not available for checking: 'dggrids', 'INLA'
Flavors: r-devel-linux-x86_64-debian-clang, r-devel-linux-x86_64-debian-gcc, r-patched-linux-x86_64, r-release-linux-x86_64, r-release-macos-arm64, r-release-macos-x86_64, r-oldrel-macos-arm64, r-oldrel-macos-x86_64
Version: 2.2.0
Check: package dependencies
Result: NOTE
Package suggested but not available for checking: ‘dggrids’
Flavors: r-devel-linux-x86_64-fedora-clang, r-devel-linux-x86_64-fedora-gcc
Version: 2.2.0
Check: installed package size
Result: NOTE
installed size is 9.4Mb
sub-directories of 1Mb or more:
data 4.8Mb
doc 1.9Mb
libs 1.6Mb
Flavors: r-devel-linux-x86_64-fedora-clang, r-release-macos-arm64, r-release-macos-x86_64, r-oldrel-macos-arm64, r-oldrel-macos-x86_64
Version: 2.2.0
Flags: --no-vignettes
Check: package dependencies
Result: NOTE
Packages suggested but not available for checking: 'dggrids', 'INLA'
Flavors: r-devel-windows-x86_64, r-release-windows-x86_64, r-oldrel-windows-x86_64
Version: 2.2.0
Flags: --no-vignettes
Check: installed package size
Result: NOTE
installed size is 20.8Mb
sub-directories of 1Mb or more:
data 5.0Mb
doc 1.8Mb
libs 12.9Mb
Flavors: r-devel-windows-x86_64, r-release-windows-x86_64, r-oldrel-windows-x86_64