CRAN Package Check Results for Package FLORAL

Last updated on 2024-02-22 05:01:45 CET.

Flavor Version Tinstall Tcheck Ttotal Status Flags
r-devel-linux-x86_64-debian-clang 0.2.0 OK
r-devel-linux-x86_64-debian-gcc 0.2.0 54.14 381.47 435.61 OK
r-devel-linux-x86_64-fedora-clang 0.2.0 866.58 OK
r-devel-linux-x86_64-fedora-gcc 0.2.0 699.97 OK
r-devel-windows-x86_64 0.2.0 52.00 405.00 457.00 OK
r-patched-linux-x86_64 0.2.0 55.45 484.75 540.20 OK
r-release-linux-x86_64 0.2.0 49.44 472.34 521.78 OK
r-release-macos-arm64 0.2.0 186.00 NOTE
r-release-macos-x86_64 0.2.0 546.00 NOTE
r-release-windows-x86_64 0.2.0 73.00 461.00 534.00 OK
r-oldrel-macos-arm64 0.2.0 212.00 NOTE
r-oldrel-windows-x86_64 0.2.0 68.00 437.00 505.00 OK

Check Details

Version: 0.2.0
Check: installed package size
Result: NOTE installed size is 5.3Mb sub-directories of 1Mb or more: libs 4.2Mb Flavors: r-release-macos-arm64, r-release-macos-x86_64, r-oldrel-macos-arm64