CRAN Package Check Results for Package FIT

Last updated on 2024-02-23 16:53:17 CET.

Flavor Version Tinstall Tcheck Ttotal Status Flags
r-devel-linux-x86_64-debian-clang 0.0.6 NOTE
r-devel-linux-x86_64-debian-gcc 0.0.6 35.63 75.39 111.02 NOTE
r-devel-linux-x86_64-fedora-clang 0.0.6 211.93 NOTE
r-devel-linux-x86_64-fedora-gcc 0.0.6 207.24 NOTE
r-devel-windows-x86_64 0.0.6 35.00 114.00 149.00 NOTE
r-patched-linux-x86_64 0.0.6 47.51 106.09 153.60 NOTE
r-release-linux-x86_64 0.0.6 49.15 104.30 153.45 NOTE
r-release-macos-arm64 0.0.6 63.00 NOTE
r-release-macos-x86_64 0.0.6 102.00 NOTE
r-release-windows-x86_64 0.0.6 45.00 144.00 189.00 NOTE
r-oldrel-macos-arm64 0.0.6 58.00 NOTE
r-oldrel-windows-x86_64 0.0.6 43.00 136.00 179.00 NOTE

Check Details

Version: 0.0.6
Check: C++ specification
Result: NOTE Specified C++11: please drop specification unless essential Flavors: r-devel-linux-x86_64-debian-clang, r-devel-linux-x86_64-debian-gcc, r-devel-linux-x86_64-fedora-clang, r-devel-linux-x86_64-fedora-gcc, r-devel-windows-x86_64, r-patched-linux-x86_64, r-release-linux-x86_64, r-release-macos-arm64, r-release-macos-x86_64, r-release-windows-x86_64

Version: 0.0.6
Check: LazyData
Result: NOTE 'LazyData' is specified without a 'data' directory Flavors: r-devel-linux-x86_64-debian-clang, r-devel-linux-x86_64-debian-gcc, r-devel-linux-x86_64-fedora-clang, r-devel-linux-x86_64-fedora-gcc, r-devel-windows-x86_64, r-patched-linux-x86_64, r-release-linux-x86_64, r-release-macos-arm64, r-release-macos-x86_64, r-release-windows-x86_64, r-oldrel-macos-arm64, r-oldrel-windows-x86_64

Version: 0.0.6
Check: dependencies in R code
Result: NOTE Namespaces in Imports field not imported from: ‘MASS’ ‘XML’ ‘gglasso’ ‘methods’ All declared Imports should be used. Flavors: r-devel-linux-x86_64-fedora-clang, r-devel-linux-x86_64-fedora-gcc

Version: 0.0.6
Check: installed package size
Result: NOTE installed size is 9.9Mb sub-directories of 1Mb or more: libs 9.0Mb Flavors: r-release-macos-arm64, r-release-macos-x86_64, r-oldrel-macos-arm64