CRAN Package Check Results for Package FD

Last updated on 2024-02-29 15:53:45 CET.

Flavor Version Tinstall Tcheck Ttotal Status Flags
r-devel-linux-x86_64-debian-clang 1.0-12.3 13.88 107.11 120.99 NOTE
r-devel-linux-x86_64-debian-gcc 1.0-12.3 9.90 80.45 90.35 NOTE
r-devel-linux-x86_64-fedora-clang 1.0-12.3 150.90 NOTE
r-devel-linux-x86_64-fedora-gcc 1.0-12.3 140.13 NOTE
r-devel-windows-x86_64 1.0-12.3 12.00 94.00 106.00 OK
r-patched-linux-x86_64 1.0-12.3 11.22 104.44 115.66 NOTE
r-release-linux-x86_64 1.0-12.3 13.04 104.43 117.47 NOTE
r-release-macos-arm64 1.0-12.3 51.00 OK
r-release-macos-x86_64 1.0-12.3 123.00 OK
r-release-windows-x86_64 1.0-12.3 16.00 113.00 129.00 OK
r-oldrel-macos-arm64 1.0-12.3 49.00 OK
r-oldrel-windows-x86_64 1.0-12.3 16.00 117.00 133.00 OK

Check Details

Version: 1.0-12.3
Check: for non-standard things in the check directory
Result: NOTE Found the following files/directories: ‘vert.txt’ Flavors: r-devel-linux-x86_64-debian-clang, r-devel-linux-x86_64-debian-gcc, r-devel-linux-x86_64-fedora-clang, r-devel-linux-x86_64-fedora-gcc, r-patched-linux-x86_64, r-release-linux-x86_64

Version: 1.0-12.3
Check: compiled code
Result: NOTE File ‘FD/libs/FD.so’: Found no calls to: ‘R_registerRoutines’, ‘R_useDynamicSymbols’ It is good practice to register native routines and to disable symbol search. See ‘Writing portable packages’ in the ‘Writing R Extensions’ manual. Flavors: r-devel-linux-x86_64-fedora-clang, r-devel-linux-x86_64-fedora-gcc