CRAN Package Check Results for Package FBFsearch

Last updated on 2023-12-08 16:54:06 CET.

Flavor Version Tinstall Tcheck Ttotal Status Flags
r-devel-linux-x86_64-debian-clang 1.2 30.07 34.28 64.35 OK
r-devel-linux-x86_64-debian-gcc 1.2 20.69 27.00 47.69 OK
r-devel-linux-x86_64-fedora-clang 1.2 82.54 OK
r-devel-linux-x86_64-fedora-gcc 1.2 84.49 OK
r-devel-windows-x86_64 1.2 23.00 67.00 90.00 OK
r-patched-linux-x86_64 1.2 24.96 34.87 59.83 OK
r-release-linux-x86_64 1.2 26.26 34.32 60.58 OK
r-release-macos-arm64 1.2 30.00 NOTE
r-release-macos-x86_64 1.2 44.00 NOTE
r-release-windows-x86_64 1.2 31.00 77.00 108.00 OK
r-oldrel-macos-arm64 1.2 28.00 NOTE
r-oldrel-macos-x86_64 1.2 39.00 NOTE
r-oldrel-windows-x86_64 1.2 28.00 74.00 102.00 OK

Check Details

Version: 1.2
Check: installed package size
Result: NOTE installed size is 6.0Mb sub-directories of 1Mb or more: data 3.5Mb libs 2.3Mb Flavors: r-release-macos-arm64, r-release-macos-x86_64, r-oldrel-macos-arm64, r-oldrel-macos-x86_64