Last updated on 2023-12-04 05:09:04 CET.
Flavor | Version | Tinstall | Tcheck | Ttotal | Status | Flags |
---|---|---|---|---|---|---|
r-devel-linux-x86_64-debian-clang | 1.2.2 | 24.21 | 118.15 | 142.36 | NOTE | |
r-devel-linux-x86_64-debian-gcc | 1.2.2 | 20.95 | 86.49 | 107.44 | NOTE | |
r-devel-linux-x86_64-fedora-clang | 1.2.2 | 176.92 | OK | |||
r-devel-linux-x86_64-fedora-gcc | 1.2.2 | 171.37 | OK | |||
r-devel-windows-x86_64 | 1.2.2 | 19.00 | 96.00 | 115.00 | OK | |
r-patched-linux-x86_64 | 1.2.2 | 23.20 | 116.31 | 139.51 | OK | |
r-release-linux-x86_64 | 1.2.2 | 17.61 | 114.65 | 132.26 | OK | |
r-release-macos-arm64 | 1.2.2 | 48.00 | OK | |||
r-release-macos-x86_64 | 1.2.2 | 79.00 | OK | |||
r-release-windows-x86_64 | 1.2.2 | 22.00 | 120.00 | 142.00 | OK | |
r-oldrel-macos-arm64 | 1.2.2 | 39.00 | OK | |||
r-oldrel-macos-x86_64 | 1.2.2 | 55.00 | OK | |||
r-oldrel-windows-x86_64 | 1.2.2 | 32.00 | 124.00 | 156.00 | OK |
Version: 1.2.2
Check: Rd files
Result: NOTE
checkRd: (-1) ccF.Rd:41: Lost braces
41 | CALI\'{N}SKI, T.; CORSTEN, L. C. A. Clustering
| ^
Flavors: r-devel-linux-x86_64-debian-clang, r-devel-linux-x86_64-debian-gcc