CRAN Package Check Results for Package ExPanDaR

Last updated on 2020-08-14 03:47:41 CEST.

Flavor Version Tinstall Tcheck Ttotal Status Flags
r-devel-linux-x86_64-debian-clang 0.5.1 1.00 2.62 3.62 ERROR
r-devel-linux-x86_64-debian-gcc 0.5.1 7.26 80.78 88.04 OK
r-devel-linux-x86_64-fedora-clang 0.5.1 152.64 OK
r-devel-linux-x86_64-fedora-gcc 0.5.1 133.89 OK
r-devel-windows-ix86+x86_64 0.5.1 32.00 173.00 205.00 OK
r-patched-linux-x86_64 0.5.1 7.76 104.63 112.39 OK
r-patched-solaris-x86 0.5.1 244.70 OK
r-release-linux-x86_64 0.5.1 7.54 105.24 112.78 OK
r-release-macos-x86_64 0.5.1 OK
r-release-windows-ix86+x86_64 0.5.1 29.00 172.00 201.00 OK
r-oldrel-macos-x86_64 0.5.1 OK
r-oldrel-windows-ix86+x86_64 0.5.1 15.00 135.00 150.00 OK

Check Details

Version: 0.5.1
Check: package dependencies
Result: ERROR
    Package required but not available: 'tidyr'
    
    Packages suggested but not available for checking: 'tidyquant', 'wbstats'
    
    See section 'The DESCRIPTION file' in the 'Writing R Extensions'
    manual.
Flavor: r-devel-linux-x86_64-debian-clang