CRAN Package Check Results for Package EvoPhylo

Last updated on 2024-03-03 04:48:35 CET.

Flavor Version Tinstall Tcheck Ttotal Status Flags
r-devel-linux-x86_64-debian-clang 0.3.2 1.35 2.41 3.76 ERROR
r-devel-linux-x86_64-debian-gcc 0.3.2 10.48 227.18 237.66 OK
r-devel-linux-x86_64-fedora-clang 0.3.2 408.97 NOTE
r-devel-linux-x86_64-fedora-gcc 0.3.2 315.40 OK
r-devel-windows-x86_64 0.3.2 13.00 234.00 247.00 NOTE
r-patched-linux-x86_64 0.3.2 14.51 299.62 314.13 OK
r-release-linux-x86_64 0.3.2 8.96 292.96 301.92 OK
r-release-macos-arm64 0.3.2 129.00 NOTE
r-release-macos-x86_64 0.3.2 179.00 NOTE
r-release-windows-x86_64 0.3.2 17.00 303.00 320.00 NOTE
r-oldrel-macos-arm64 0.3.2 146.00 NOTE
r-oldrel-windows-x86_64 0.3.2 18.00 302.00 320.00 NOTE

Check Details

Version: 0.3.2
Check: package dependencies
Result: ERROR Package required but not available: ‘ggtree’ See section ‘The DESCRIPTION file’ in the ‘Writing R Extensions’ manual. Flavor: r-devel-linux-x86_64-debian-clang

Version: 0.3.2
Check: installed package size
Result: NOTE installed size is 6.8Mb sub-directories of 1Mb or more: data 2.5Mb doc 1.6Mb extdata 2.4Mb Flavors: r-devel-linux-x86_64-fedora-clang, r-devel-windows-x86_64, r-release-macos-arm64, r-release-macos-x86_64, r-release-windows-x86_64, r-oldrel-macos-arm64, r-oldrel-windows-x86_64