CRAN Package Check Results for Package EthSEQ

Last updated on 2024-02-25 04:51:04 CET.

Flavor Version Tinstall Tcheck Ttotal Status Flags
r-devel-linux-x86_64-debian-clang 3.0.2 24.00 55.46 79.46 OK
r-devel-linux-x86_64-debian-gcc 3.0.2 18.51 41.75 60.26 OK
r-devel-linux-x86_64-fedora-clang 3.0.2 110.65 OK
r-devel-linux-x86_64-fedora-gcc 3.0.2 113.72 OK
r-devel-windows-x86_64 3.0.2 20.00 75.00 95.00 NOTE
r-patched-linux-x86_64 3.0.2 21.92 49.84 71.76 OK
r-release-linux-x86_64 3.0.2 22.31 50.10 72.41 OK
r-release-macos-arm64 3.0.2 43.00 OK
r-release-macos-x86_64 3.0.2 63.00 OK
r-release-windows-x86_64 3.0.2 25.00 86.00 111.00 NOTE
r-oldrel-macos-arm64 3.0.2 50.00 OK
r-oldrel-windows-x86_64 3.0.2 24.00 85.00 109.00 NOTE

Check Details

Version: 3.0.2
Check: installed package size
Result: NOTE installed size is 5.2Mb sub-directories of 1Mb or more: extdata 4.0Mb libs 1.0Mb Flavors: r-devel-windows-x86_64, r-release-windows-x86_64, r-oldrel-windows-x86_64