Last updated on 2023-12-09 16:49:17 CET.
Flavor | Version | Tinstall | Tcheck | Ttotal | Status | Flags |
---|---|---|---|---|---|---|
r-devel-linux-x86_64-debian-clang | 0.3.1 | 13.60 | 119.10 | 132.70 | NOTE | |
r-devel-linux-x86_64-debian-gcc | 0.3.1 | 12.36 | 86.95 | 99.31 | NOTE | |
r-devel-linux-x86_64-fedora-clang | 0.3.1 | 164.17 | NOTE | |||
r-devel-linux-x86_64-fedora-gcc | 0.3.1 | 156.69 | NOTE | |||
r-devel-windows-x86_64 | 0.3.1 | 13.00 | 94.00 | 107.00 | NOTE | |
r-patched-linux-x86_64 | 0.3.1 | 13.62 | 113.88 | 127.50 | NOTE | |
r-release-linux-x86_64 | 0.3.1 | 9.75 | 109.09 | 118.84 | NOTE | |
r-release-macos-arm64 | 0.3.1 | 45.00 | NOTE | |||
r-release-macos-x86_64 | 0.3.1 | 83.00 | NOTE | |||
r-release-windows-x86_64 | 0.3.1 | 17.00 | 115.00 | 132.00 | NOTE | |
r-oldrel-macos-arm64 | 0.3.1 | 46.00 | NOTE | |||
r-oldrel-macos-x86_64 | 0.3.1 | 75.00 | NOTE | |||
r-oldrel-windows-x86_64 | 0.3.1 | 18.00 | 121.00 | 139.00 | NOTE |
Version: 0.3.1
Check: LazyData
Result: NOTE
'LazyData' is specified without a 'data' directory
Flavors: r-devel-linux-x86_64-debian-clang, r-devel-linux-x86_64-debian-gcc, r-devel-linux-x86_64-fedora-clang, r-devel-linux-x86_64-fedora-gcc, r-devel-windows-x86_64, r-patched-linux-x86_64, r-release-linux-x86_64, r-release-macos-arm64, r-release-macos-x86_64, r-release-windows-x86_64, r-oldrel-macos-arm64, r-oldrel-macos-x86_64, r-oldrel-windows-x86_64