CRAN Package Check Results for Package EpiInvert

Last updated on 2024-03-03 16:49:56 CET.

Flavor Version Tinstall Tcheck Ttotal Status Flags
r-devel-linux-x86_64-debian-clang 0.3.1 47.43 48.91 96.34 NOTE
r-devel-linux-x86_64-debian-gcc 0.3.1 41.48 37.42 78.90 NOTE
r-devel-linux-x86_64-fedora-clang 0.3.1 138.58 NOTE
r-devel-linux-x86_64-fedora-gcc 0.3.1 143.67 NOTE
r-devel-windows-x86_64 0.3.1 40.00 79.00 119.00 OK
r-patched-linux-x86_64 0.3.1 54.49 48.52 103.01 OK
r-release-linux-x86_64 0.3.1 52.49 47.21 99.70 OK
r-release-macos-arm64 0.3.1 39.00 NOTE
r-release-macos-x86_64 0.3.1 69.00 NOTE
r-release-windows-x86_64 0.3.1 41.00 89.00 130.00 OK
r-oldrel-macos-arm64 0.3.1 40.00 NOTE
r-oldrel-windows-x86_64 0.3.1 45.00 84.00 129.00 OK

Check Details

Version: 0.3.1
Check: Rd files
Result: NOTE checkRd: (-1) EpiIndicators.Rd:23: Lost braces in \itemize; meant \describe ? checkRd: (-1) EpiIndicators.Rd:24: Lost braces in \itemize; meant \describe ? checkRd: (-1) EpiIndicators.Rd:25: Lost braces in \itemize; meant \describe ? checkRd: (-1) EpiIndicators.Rd:26: Lost braces in \itemize; meant \describe ? checkRd: (-1) EpiIndicators.Rd:27-28: Lost braces in \itemize; meant \describe ? checkRd: (-1) EpiIndicators.Rd:29-31: Lost braces in \itemize; meant \describe ? checkRd: (-1) EpiIndicators.Rd:32-33: Lost braces in \itemize; meant \describe ? checkRd: (-1) EpiIndicators.Rd:34-36: Lost braces in \itemize; meant \describe ? checkRd: (-1) EpiIndicators.Rd:44: Lost braces in \itemize; \value handles \item{}{} directly checkRd: (-1) EpiIndicators.Rd:46: Lost braces in \itemize; \value handles \item{}{} directly checkRd: (-1) EpiIndicators.Rd:48: Lost braces in \itemize; \value handles \item{}{} directly checkRd: (-1) EpiIndicators.Rd:50: Lost braces in \itemize; \value handles \item{}{} directly checkRd: (-1) EpiIndicators.Rd:52: Lost braces in \itemize; \value handles \item{}{} directly checkRd: (-1) EpiIndicators.Rd:54: Lost braces in \itemize; \value handles \item{}{} directly checkRd: (-1) EpiIndicators.Rd:56: Lost braces in \itemize; \value handles \item{}{} directly checkRd: (-1) EpiInvert.Rd:33-35: Lost braces in \itemize; meant \describe ? checkRd: (-1) EpiInvert.Rd:36-38: Lost braces in \itemize; meant \describe ? checkRd: (-1) EpiInvert.Rd:39-41: Lost braces in \itemize; meant \describe ? checkRd: (-1) EpiInvert.Rd:42-44: Lost braces in \itemize; meant \describe ? checkRd: (-1) EpiInvert.Rd:45-47: Lost braces in \itemize; meant \describe ? checkRd: (-1) EpiInvert.Rd:48-50: Lost braces in \itemize; meant \describe ? checkRd: (-1) EpiInvert.Rd:51-52: Lost braces in \itemize; meant \describe ? checkRd: (-1) EpiInvert.Rd:53-54: Lost braces in \itemize; meant \describe ? checkRd: (-1) EpiInvert.Rd:55-57: Lost braces in \itemize; meant \describe ? checkRd: (-1) EpiInvert.Rd:58-59: Lost braces in \itemize; meant \describe ? checkRd: (-1) EpiInvert.Rd:68-69: Lost braces in \itemize; \value handles \item{}{} directly checkRd: (-1) EpiInvert.Rd:71: Lost braces in \itemize; \value handles \item{}{} directly checkRd: (-1) EpiInvert.Rd:73-74: Lost braces in \itemize; \value handles \item{}{} directly checkRd: (-1) EpiInvert.Rd:76-77: Lost braces in \itemize; \value handles \item{}{} directly checkRd: (-1) EpiInvert.Rd:79-80: Lost braces in \itemize; \value handles \item{}{} directly checkRd: (-1) EpiInvert.Rd:82-84: Lost braces in \itemize; \value handles \item{}{} directly checkRd: (-1) EpiInvert.Rd:86: Lost braces in \itemize; \value handles \item{}{} directly checkRd: (-1) EpiInvert.Rd:88: Lost braces in \itemize; \value handles \item{}{} directly checkRd: (-1) EpiInvert.Rd:90-91: Lost braces in \itemize; \value handles \item{}{} directly checkRd: (-1) EpiInvert.Rd:93-94: Lost braces in \itemize; \value handles \item{}{} directly checkRd: (-1) EpiInvert.Rd:96-97: Lost braces in \itemize; \value handles \item{}{} directly checkRd: (-1) EpiInvert.Rd:99-100: Lost braces in \itemize; \value handles \item{}{} directly checkRd: (-1) EpiInvert.Rd:102-103: Lost braces in \itemize; \value handles \item{}{} directly checkRd: (-1) EpiInvertForecast.Rd:47: Lost braces in \itemize; \value handles \item{}{} directly checkRd: (-1) EpiInvertForecast.Rd:49-50: Lost braces in \itemize; \value handles \item{}{} directly checkRd: (-1) EpiInvertForecast.Rd:52-53: Lost braces in \itemize; \value handles \item{}{} directly checkRd: (-1) EpiInvertForecast.Rd:55-58: Lost braces in \itemize; \value handles \item{}{} directly checkRd: (-1) EpiInvertForecast.Rd:60-63: Lost braces in \itemize; \value handles \item{}{} directly checkRd: (-1) EpiInvertForecast.Rd:65-68: Lost braces in \itemize; \value handles \item{}{} directly checkRd: (-1) EpiInvertForecast.Rd:70-73: Lost braces in \itemize; \value handles \item{}{} directly checkRd: (-1) EpiInvert_plot.Rd:20: Lost braces in \itemize; meant \describe ? checkRd: (-1) EpiInvert_plot.Rd:21: Lost braces in \itemize; meant \describe ? checkRd: (-1) EpiInvert_plot.Rd:22: Lost braces in \itemize; meant \describe ? checkRd: (-1) EpiInvert_plot.Rd:23: Lost braces in \itemize; meant \describe ? checkRd: (-1) joint_indicators_by_date.Rd:23: Lost braces in \itemize; \value handles \item{}{} directly checkRd: (-1) joint_indicators_by_date.Rd:25-26: Lost braces in \itemize; \value handles \item{}{} directly checkRd: (-1) joint_indicators_by_date.Rd:28-29: Lost braces in \itemize; \value handles \item{}{} directly Flavors: r-devel-linux-x86_64-debian-clang, r-devel-linux-x86_64-debian-gcc, r-devel-linux-x86_64-fedora-clang, r-devel-linux-x86_64-fedora-gcc

Version: 0.3.1
Check: installed package size
Result: NOTE installed size is 6.2Mb sub-directories of 1Mb or more: data 3.2Mb libs 2.9Mb Flavors: r-release-macos-arm64, r-release-macos-x86_64, r-oldrel-macos-arm64