CRAN Package Check Results for Package EpiEstim

Last updated on 2024-02-24 04:58:41 CET.

Flavor Version Tinstall Tcheck Ttotal Status Flags
r-devel-linux-x86_64-debian-clang 2.2-4 14.45 207.22 221.67 NOTE
r-devel-linux-x86_64-debian-gcc 2.2-4 12.00 152.70 164.70 NOTE
r-devel-linux-x86_64-fedora-clang 2.2-4 280.38 NOTE
r-devel-linux-x86_64-fedora-gcc 2.2-4 291.99 NOTE
r-devel-windows-x86_64 2.2-4 13.00 163.00 176.00 OK
r-patched-linux-x86_64 2.2-4 20.37 198.74 219.11 OK
r-release-linux-x86_64 2.2-4 11.77 198.84 210.61 OK
r-release-macos-arm64 2.2-4 80.00 OK
r-release-macos-x86_64 2.2-4 144.00 OK
r-release-windows-x86_64 2.2-4 19.00 200.00 219.00 OK
r-oldrel-macos-arm64 2.2-4 94.00 OK
r-oldrel-windows-x86_64 2.2-4 18.00 200.00 218.00 OK

Check Details

Version: 2.2-4
Check: Rd files
Result: NOTE checkRd: (-1) estimate_R.Rd:59-62: Lost braces in \itemize; \value handles \item{}{} directly checkRd: (-1) estimate_R.Rd:64-65: Lost braces in \itemize; \value handles \item{}{} directly checkRd: (-1) estimate_R.Rd:67-68: Lost braces in \itemize; \value handles \item{}{} directly checkRd: (-1) estimate_R.Rd:70-72: Lost braces in \itemize; \value handles \item{}{} directly checkRd: (-1) estimate_R.Rd:74: Lost braces in \itemize; \value handles \item{}{} directly checkRd: (-1) estimate_R.Rd:76-77: Lost braces in \itemize; \value handles \item{}{} directly checkRd: (-1) estimate_R.Rd:79-80: Lost braces in \itemize; \value handles \item{}{} directly checkRd: (-1) estimate_R.Rd:82: Lost braces in \itemize; \value handles \item{}{} directly checkRd: (-1) estimate_R.Rd:84-86: Lost braces in \itemize; \value handles \item{}{} directly checkRd: (-1) wallinga_teunis.Rd:48-51: Lost braces in \itemize; \value handles \item{}{} directly checkRd: (-1) wallinga_teunis.Rd:51-52: Lost braces in \itemize; \value handles \item{}{} directly checkRd: (-1) wallinga_teunis.Rd:53-54: Lost braces in \itemize; \value handles \item{}{} directly checkRd: (-1) wallinga_teunis.Rd:54-55: Lost braces in \itemize; \value handles \item{}{} directly checkRd: (-1) wallinga_teunis.Rd:55-56: Lost braces in \itemize; \value handles \item{}{} directly checkRd: (-1) wallinga_teunis.Rd:56-58: Lost braces in \itemize; \value handles \item{}{} directly checkRd: (-1) wallinga_teunis.Rd:58-59: Lost braces in \itemize; \value handles \item{}{} directly Flavors: r-devel-linux-x86_64-debian-clang, r-devel-linux-x86_64-debian-gcc, r-devel-linux-x86_64-fedora-clang, r-devel-linux-x86_64-fedora-gcc