CRAN Package Check Results for Package Epi

Last updated on 2024-03-01 04:51:41 CET.

Flavor Version Tinstall Tcheck Ttotal Status Flags
r-devel-linux-x86_64-debian-clang 2.47.1 28.22 808.08 836.30 NOTE
r-devel-linux-x86_64-debian-gcc 2.47.1 21.85 580.37 602.22 NOTE
r-devel-linux-x86_64-fedora-clang 2.47.1 1037.38 NOTE
r-devel-linux-x86_64-fedora-gcc 2.47.1 1088.73 NOTE
r-devel-windows-x86_64 2.47.1 26.00 225.00 251.00 NOTE --no-vignettes
r-patched-linux-x86_64 2.47.1 30.12 760.34 790.46 NOTE
r-release-linux-x86_64 2.47.1 25.75 768.97 794.72 NOTE
r-release-macos-arm64 2.47.1 552.00 NOTE
r-release-macos-x86_64 2.47.1 1468.00 NOTE
r-release-windows-x86_64 2.47.1 34.00 266.00 300.00 NOTE --no-vignettes
r-oldrel-macos-arm64 2.47.1 527.00 OK
r-oldrel-windows-x86_64 2.47.1 34.00 274.00 308.00 OK --no-vignettes

Check Details

Version: 2.47.1
Check: Rd files
Result: NOTE checkRd: (-1) LCa.fit.Rd:151: Lost braces 151 | \code{pi} (\code{p}eriod code{i}nteraction) refers to \eqn{b_p(a)}{b_p(a)} | ^ checkRd: (-1) lls.Rd:30: Lost braces 30 | code{name}, | ^ checkRd: (-1) lls.Rd:31: Lost braces 31 | code{mode}, | ^ checkRd: (-1) lls.Rd:32: Lost braces 32 | code{class} and | ^ checkRd: (-1) lls.Rd:33: Lost braces 33 | code{size} and one row per object in the workspace (if \code{pos=1}). | ^ checkRd: (-1) plotCIF.Rd:79: Lost braces 79 | \author{Esa L{\"a}{\"a}r{\"a}, \email{esa.laara@oulu.fi} | ^ checkRd: (-1) plotCIF.Rd:79: Lost braces 79 | \author{Esa L{\"a}{\"a}r{\"a}, \email{esa.laara@oulu.fi} | ^ checkRd: (-1) plotCIF.Rd:79: Lost braces 79 | \author{Esa L{\"a}{\"a}r{\"a}, \email{esa.laara@oulu.fi} | ^ Flavors: r-devel-linux-x86_64-debian-clang, r-devel-linux-x86_64-debian-gcc, r-devel-linux-x86_64-fedora-clang, r-devel-linux-x86_64-fedora-gcc

Version: 2.47.1
Check: Rd \usage sections
Result: NOTE S3 methods shown with full name in Rd file 'addDrug.Lexis.Rd': ‘addDrug.Lexis’ The \usage entries for S3 methods should use the \method markup and not their full name. See chapter ‘Writing R documentation files’ in the ‘Writing R Extensions’ manual. Flavors: r-devel-linux-x86_64-debian-clang, r-devel-linux-x86_64-debian-gcc, r-devel-linux-x86_64-fedora-clang, r-devel-linux-x86_64-fedora-gcc

Version: 2.47.1
Flags: --no-vignettes
Check: Rd files
Result: NOTE checkRd: (-1) LCa.fit.Rd:151: Lost braces 151 | \code{pi} (\code{p}eriod code{i}nteraction) refers to \eqn{b_p(a)}{b_p(a)} | ^ checkRd: (-1) lls.Rd:30: Lost braces 30 | code{name}, | ^ checkRd: (-1) lls.Rd:31: Lost braces 31 | code{mode}, | ^ checkRd: (-1) lls.Rd:32: Lost braces 32 | code{class} and | ^ checkRd: (-1) lls.Rd:33: Lost braces 33 | code{size} and one row per object in the workspace (if \code{pos=1}). | ^ checkRd: (-1) plotCIF.Rd:79: Lost braces 79 | \author{Esa L{\"a}{\"a}r{\"a}, \email{esa.laara@oulu.fi} | ^ checkRd: (-1) plotCIF.Rd:79: Lost braces 79 | \author{Esa L{\"a}{\"a}r{\"a}, \email{esa.laara@oulu.fi} | ^ checkRd: (-1) plotCIF.Rd:79: Lost braces 79 | \author{Esa L{\"a}{\"a}r{\"a}, \email{esa.laara@oulu.fi} | ^ Flavor: r-devel-windows-x86_64

Version: 2.47.1
Flags: --no-vignettes
Check: Rd \usage sections
Result: NOTE S3 methods shown with full name in Rd file 'addDrug.Lexis.Rd': 'addDrug.Lexis' The \usage entries for S3 methods should use the \method markup and not their full name. See chapter 'Writing R documentation files' in the 'Writing R Extensions' manual. Flavor: r-devel-windows-x86_64

Version: 2.47.1
Check: Rd \usage sections
Result: NOTE S3 methods shown with full name in documentation object 'addDrug.Lexis': ‘addDrug.Lexis’ The \usage entries for S3 methods should use the \method markup and not their full name. See chapter ‘Writing R documentation files’ in the ‘Writing R Extensions’ manual. Flavors: r-patched-linux-x86_64, r-release-linux-x86_64, r-release-macos-arm64, r-release-macos-x86_64

Version: 2.47.1
Flags: --no-vignettes
Check: Rd \usage sections
Result: NOTE S3 methods shown with full name in documentation object 'addDrug.Lexis': 'addDrug.Lexis' The \usage entries for S3 methods should use the \method markup and not their full name. See chapter 'Writing R documentation files' in the 'Writing R Extensions' manual. Flavor: r-release-windows-x86_64