CRAN Package Check Results for Package EnviroPRA

Last updated on 2024-02-29 15:53:44 CET.

Flavor Version Tinstall Tcheck Ttotal Status Flags
r-devel-linux-x86_64-debian-clang 1.0 7.99 74.93 82.92 NOTE
r-devel-linux-x86_64-debian-gcc 1.0 5.53 56.99 62.52 NOTE
r-devel-linux-x86_64-fedora-clang 1.0 101.86 NOTE
r-devel-linux-x86_64-fedora-gcc 1.0 102.12 NOTE
r-devel-windows-x86_64 1.0 8.00 82.00 90.00 NOTE
r-patched-linux-x86_64 1.0 5.61 73.85 79.46 OK
r-release-linux-x86_64 1.0 7.89 74.55 82.44 OK
r-release-macos-arm64 1.0 36.00 OK
r-release-macos-x86_64 1.0 57.00 OK
r-release-windows-x86_64 1.0 10.00 94.00 104.00 OK
r-oldrel-macos-arm64 1.0 36.00 OK
r-oldrel-windows-x86_64 1.0 10.00 97.00 107.00 OK

Check Details

Version: 1.0
Check: Rd files
Result: NOTE checkRd: (-1) HIdermal.Rd:35: Lost braces; missing escapes or markup? 35 | AD {EnviroPRA} | ^ checkRd: (-1) HIinhal.Rd:32: Lost braces; missing escapes or markup? 32 | AIR {EnviroPRA} | ^ checkRd: (-1) RISKdermal.Rd:34: Lost braces; missing escapes or markup? 34 | AD {EnviroPRA} | ^ Flavors: r-devel-linux-x86_64-debian-clang, r-devel-linux-x86_64-debian-gcc, r-devel-linux-x86_64-fedora-clang, r-devel-linux-x86_64-fedora-gcc

Version: 1.0
Check: Rd contents
Result: NOTE Auto-generated content requiring editing in Rd file 'EnviroPRA-package.Rd': \details: ‘...o use the package, including the most important functions ~~’ Flavors: r-devel-linux-x86_64-debian-clang, r-devel-linux-x86_64-debian-gcc, r-devel-linux-x86_64-fedora-clang, r-devel-linux-x86_64-fedora-gcc, r-devel-windows-x86_64