Last updated on 2023-12-04 05:09:03 CET.
Flavor | Version | Tinstall | Tcheck | Ttotal | Status | Flags |
---|---|---|---|---|---|---|
r-devel-linux-x86_64-debian-clang | 0.2.3 | 4.46 | 109.43 | 113.89 | NOTE | |
r-devel-linux-x86_64-debian-gcc | 0.2.3 | 3.71 | 82.56 | 86.27 | NOTE | |
r-devel-linux-x86_64-fedora-clang | 0.2.3 | 142.82 | NOTE | |||
r-devel-linux-x86_64-fedora-gcc | 0.2.3 | 140.60 | NOTE | |||
r-devel-windows-x86_64 | 0.2.3 | 6.00 | 104.00 | 110.00 | NOTE | |
r-patched-linux-x86_64 | 0.2.3 | 4.31 | 102.81 | 107.12 | NOTE | |
r-release-linux-x86_64 | 0.2.3 | 3.88 | 104.82 | 108.70 | NOTE | |
r-release-macos-arm64 | 0.2.3 | 44.00 | NOTE | |||
r-release-macos-x86_64 | 0.2.3 | 76.00 | NOTE | |||
r-release-windows-x86_64 | 0.2.3 | 9.00 | 128.00 | 137.00 | NOTE | |
r-oldrel-macos-arm64 | 0.2.3 | 38.00 | NOTE | |||
r-oldrel-macos-x86_64 | 0.2.3 | 59.00 | NOTE | |||
r-oldrel-windows-x86_64 | 0.2.3 | 8.00 | 135.00 | 143.00 | NOTE |
Version: 0.2.3
Check: LazyData
Result: NOTE
'LazyData' is specified without a 'data' directory
Flavors: r-devel-linux-x86_64-debian-clang, r-devel-linux-x86_64-debian-gcc, r-devel-linux-x86_64-fedora-clang, r-devel-linux-x86_64-fedora-gcc, r-devel-windows-x86_64, r-patched-linux-x86_64, r-release-linux-x86_64, r-release-macos-arm64, r-release-macos-x86_64, r-release-windows-x86_64, r-oldrel-macos-arm64, r-oldrel-macos-x86_64, r-oldrel-windows-x86_64
Version: 0.2.3
Check: dependencies in R code
Result: NOTE
Namespaces in Imports field not imported from:
‘Rmisc’ ‘rlang’
All declared Imports should be used.
Flavors: r-devel-linux-x86_64-fedora-clang, r-devel-linux-x86_64-fedora-gcc, r-oldrel-macos-arm64, r-oldrel-macos-x86_64