CRAN Package Check Results for Package Eagle

Last updated on 2020-08-03 05:48:45 CEST.

Flavor Version Tinstall Tcheck Ttotal Status Flags
r-devel-linux-x86_64-debian-clang 2.3 305.57 68.00 373.57 OK
r-devel-linux-x86_64-debian-gcc 2.3 225.68 52.41 278.09 OK
r-devel-linux-x86_64-fedora-clang 2.3 538.14 NOTE
r-devel-linux-x86_64-fedora-gcc 2.3 472.56 OK
r-devel-windows-ix86+x86_64 2.3 774.00 175.00 949.00 OK
r-patched-linux-x86_64 2.3 228.86 67.26 296.12 OK
r-patched-solaris-x86 2.3 380.00 OK
r-release-linux-x86_64 2.3 230.01 67.18 297.19 OK
r-release-macos-x86_64 2.3 NOTE
r-release-windows-ix86+x86_64 2.3 836.00 134.00 970.00 OK
r-oldrel-macos-x86_64 2.3 NOTE
r-oldrel-windows-ix86+x86_64 2.3 532.00 96.00 628.00 OK

Check Details

Version: 2.3
Check: installed package size
Result: NOTE
     installed size is 14.0Mb
     sub-directories of 1Mb or more:
     libs 12.5Mb
     shiny_app 1.1Mb
Flavors: r-devel-linux-x86_64-fedora-clang, r-release-macos-x86_64, r-oldrel-macos-x86_64