Last updated on 2023-11-29 04:57:19 CET.
Flavor | Version | Tinstall | Tcheck | Ttotal | Status | Flags |
---|---|---|---|---|---|---|
r-devel-linux-x86_64-debian-clang | 2.5 | 320.22 | 89.45 | 409.67 | NOTE | |
r-devel-linux-x86_64-debian-gcc | 2.5 | 216.06 | 69.34 | 285.40 | NOTE | |
r-devel-linux-x86_64-fedora-clang | 2.5 | 638.51 | OK | |||
r-devel-linux-x86_64-fedora-gcc | 2.5 | 615.06 | OK | |||
r-devel-windows-x86_64 | 2.5 | 218.00 | 112.00 | 330.00 | NOTE | |
r-patched-linux-x86_64 | 2.5 | 200.31 | 88.93 | 289.24 | OK | |
r-release-linux-x86_64 | 2.5 | 199.03 | 87.91 | 286.94 | OK | |
r-release-macos-arm64 | 2.5 | 130.00 | NOTE | |||
r-release-macos-x86_64 | 2.5 | 226.00 | NOTE | |||
r-release-windows-x86_64 | 2.5 | 308.00 | 133.00 | 441.00 | NOTE | |
r-oldrel-macos-arm64 | 2.5 | 118.00 | NOTE | |||
r-oldrel-macos-x86_64 | 2.5 | 172.00 | NOTE | |||
r-oldrel-windows-x86_64 | 2.5 | 291.00 | 129.00 | 420.00 | OK |
Version: 2.5
Check: Rd files
Result: NOTE
checkRd: (-1) AM.Rd:95-98: Lost braces in \itemize; meant \describe ?
checkRd: (-1) AM.Rd:99-102: Lost braces in \itemize; meant \describe ?
checkRd: (-1) AM.Rd:103: Lost braces in \itemize; meant \describe ?
checkRd: (-1) AM.Rd:123-125: Lost braces in \itemize; meant \describe ?
checkRd: (-1) AM.Rd:126-133: Lost braces in \itemize; meant \describe ?
checkRd: (-1) AM.Rd:134-135: Lost braces in \itemize; meant \describe ?
checkRd: (-1) AM.Rd:136-137: Lost braces in \itemize; meant \describe ?
checkRd: (-1) AM.Rd:163-165: Lost braces in \itemize; meant \describe ?
checkRd: (-1) AM.Rd:166-173: Lost braces in \itemize; meant \describe ?
checkRd: (-1) AM.Rd:174-176: Lost braces in \itemize; meant \describe ?
checkRd: (-1) AM.Rd:177-178: Lost braces in \itemize; meant \describe ?
checkRd: (-1) AM.Rd:179-180: Lost braces in \itemize; meant \describe ?
Flavors: r-devel-linux-x86_64-debian-clang, r-devel-linux-x86_64-debian-gcc
Version: 2.5
Check: C++ specification
Result: NOTE
Specified C++11: please drop specification unless essential
Flavors: r-devel-windows-x86_64, r-release-windows-x86_64
Version: 2.5
Check: installed package size
Result: NOTE
installed size is 10.8Mb
sub-directories of 1Mb or more:
libs 9.4Mb
shiny_app 1.1Mb
Flavors: r-release-macos-arm64, r-release-macos-x86_64, r-oldrel-macos-arm64, r-oldrel-macos-x86_64